{"id":1065,"date":"2023-11-23T13:56:43","date_gmt":"2023-11-23T12:56:43","guid":{"rendered":"http:\/\/ngb-fr.org\/?page_id=1065"},"modified":"2023-12-06T13:49:45","modified_gmt":"2023-12-06T12:49:45","slug":"focus-sur-les-sponsors","status":"publish","type":"page","link":"https:\/\/ngb-fr.org\/index.php\/biotech-dayyy\/biotechday-2023\/focus-sur-les-sponsors\/","title":{"rendered":"Focus sur les sponsors"},"content":{"rendered":"<p>Cette ann\u00e9e, le BiotechDay est sponsoris\u00e9 par <strong>5 grandes entreprises<\/strong>. Vous pourrez les d\u00e9couvrir tout au long de la journ\u00e9e au niveau de leurs <strong>stands<\/strong> ou m\u00eame lors des <strong>workshops<\/strong> de l\u2019apr\u00e8s-midi qui seront anim\u00e9s par certains salari\u00e9s. C\u2019est l\u2019occasion d\u2019\u00e9changer sur la <strong>vie en entreprise<\/strong>, sur les diff\u00e9rents <strong>parcours de formation<\/strong> r\u00e9alis\u00e9s pour int\u00e9grer l\u2019entreprise, pour discuter<strong> emploi<\/strong>, <strong>stage<\/strong>, pour d\u00e9velopper votre r\u00e9seau. Les employ\u00e9s qui se d\u00e9placent sont toujours contents de discuter avec les \u00e9tudiants et partager leurs exp\u00e9riences.<\/p>\n<p>Sans plus attendre, voici les entreprises pr\u00e9sentes pendant la journ\u00e9e\u00a0:<\/p>\n<h5><span style=\"font-size: 1.25rem;\">OCTAPHARMA<\/span><\/h5>\n<p><a href=\"https:\/\/www.octapharma.fr\/a-propos-de-nous\/qui-sommes-nous\"><img loading=\"lazy\" decoding=\"async\" class=\"wp-image-1125 alignright\" src=\"http:\/\/ngb-fr.org\/wp-content\/uploads\/2023\/12\/logo_octapharma_bleu-1-300x46.png\" alt=\"\" width=\"346\" height=\"53\" srcset=\"https:\/\/ngb-fr.org\/wp-content\/uploads\/2023\/12\/logo_octapharma_bleu-1-300x46.png 300w, https:\/\/ngb-fr.org\/wp-content\/uploads\/2023\/12\/logo_octapharma_bleu-1-1024x158.png 1024w, https:\/\/ngb-fr.org\/wp-content\/uploads\/2023\/12\/logo_octapharma_bleu-1-768x118.png 768w, https:\/\/ngb-fr.org\/wp-content\/uploads\/2023\/12\/logo_octapharma_bleu-1-1536x237.png 1536w, https:\/\/ngb-fr.org\/wp-content\/uploads\/2023\/12\/logo_octapharma_bleu-1-1232x190.png 1232w, https:\/\/ngb-fr.org\/wp-content\/uploads\/2023\/12\/logo_octapharma_bleu-1.png 1823w\" sizes=\"auto, (max-width: 346px) 100vw, 346px\" \/>Octapharma<\/a> est une entreprise priv\u00e9e qui <strong>d\u00e9veloppe, fabrique et commercialise des prot\u00e9ines humaines<\/strong> issues de plasma et de lign\u00e9e cellulaire pour trois aires th\u00e9rapeutiques majeures : <strong>l\u2019immunologie, l\u2019h\u00e9matologie et les soins intensifs<\/strong>. Existant depuis 1983, elle s\u2019est d\u00e9velopp\u00e9e au niveau international et poss\u00e8de des locaux en France, \u00e0 <strong>Lingolsheim<\/strong>.<\/p>\n<p>&nbsp;<\/p>\n<h5>EXPLEO<\/h5>\n<p><a href=\"https:\/\/expleo.com\/global\/fr\/\"><img loading=\"lazy\" decoding=\"async\" class=\"size-medium wp-image-1126 alignleft\" src=\"http:\/\/ngb-fr.org\/wp-content\/uploads\/2023\/12\/Expleo-logo-rgb-white-on-purple-300x99.jpg\" alt=\"\" width=\"300\" height=\"99\" srcset=\"https:\/\/ngb-fr.org\/wp-content\/uploads\/2023\/12\/Expleo-logo-rgb-white-on-purple-300x99.jpg 300w, https:\/\/ngb-fr.org\/wp-content\/uploads\/2023\/12\/Expleo-logo-rgb-white-on-purple-768x253.jpg 768w, https:\/\/ngb-fr.org\/wp-content\/uploads\/2023\/12\/Expleo-logo-rgb-white-on-purple.jpg 859w\" sizes=\"auto, (max-width: 300px) 100vw, 300px\" \/>Expleo<\/a> est une <strong>entreprise de conseil en ing\u00e9nierie<\/strong> situ\u00e9e en France \u00e0 <strong>Entzheim<\/strong>. Elle accompagne des organisations dans la transformation de leurs activit\u00e9s. Avec plus de 40 ans d\u2019exp\u00e9rience, leur expertise est tr\u00e8s large, allant de l\u2019intelligence artificielle \u00e0 la digitalisation afin de stimuler l\u2019innovation au service de l\u2019industrie pharmaceutique, des biotechnologies, des appareils m\u00e9dicaux et de l\u2019industrie chimique. Expleo est pr\u00e9sente dans plus de 30 pays et rassemble environ 17 000 collaborateurs dont le but est d\u2019\u0153uvrer pour une <strong>soci\u00e9t\u00e9 plus durable et plus s\u00fbre<\/strong>.<\/p>\n<p>&nbsp;<\/p>\n<h5>PROTEOGENIX<\/h5>\n<p><a href=\"https:\/\/www.proteogenix.science\/fr\/\"><img loading=\"lazy\" decoding=\"async\" class=\" wp-image-1127 alignright\" src=\"http:\/\/ngb-fr.org\/wp-content\/uploads\/2023\/12\/logo_proteogenix-300x129.jpg\" alt=\"\" width=\"314\" height=\"135\" srcset=\"https:\/\/ngb-fr.org\/wp-content\/uploads\/2023\/12\/logo_proteogenix-300x129.jpg 300w, https:\/\/ngb-fr.org\/wp-content\/uploads\/2023\/12\/logo_proteogenix.jpg 605w\" sizes=\"auto, (max-width: 314px) 100vw, 314px\" \/>ProteoGenix<\/a> est un leader du d\u00e9veloppement et de la production d\u2019<strong>anticorps th\u00e9rapeutiques monoclonaux<\/strong>. Ils produisent \u00e9galement des prot\u00e9ines et synth\u00e9tisent des peptides et des g\u00e8nes. Cette soci\u00e9t\u00e9, fond\u00e9e en 2003 et localis\u00e9e \u00e0 <strong>Schiltigheim<\/strong>, s\u2019est rapidement d\u00e9velopp\u00e9e pour devenir une r\u00e9f\u00e9rence aupr\u00e8s des soci\u00e9t\u00e9s souhaitant produire des anticorps dans le cadre de recherches en phase clinique voire m\u00eame pour une mise sur le march\u00e9. Actuellement <strong>3 anticorps th\u00e9rapeutiques sont sur le march\u00e9<\/strong> et plus d\u2019une trentaine en phases pr\u00e9cliniques et cliniques.<\/p>\n<p>&nbsp;<\/p>\n<h5>DOMAIN THERAPEUTICS<\/h5>\n<p><a href=\"https:\/\/www.domaintherapeutics.com\/\"><img loading=\"lazy\" decoding=\"async\" class=\" wp-image-1128 alignleft\" src=\"http:\/\/ngb-fr.org\/wp-content\/uploads\/2023\/12\/image001.png\" alt=\"\" width=\"297\" height=\"86\" srcset=\"https:\/\/ngb-fr.org\/wp-content\/uploads\/2023\/12\/image001.png 152w, https:\/\/ngb-fr.org\/wp-content\/uploads\/2023\/12\/image001-150x44.png 150w\" sizes=\"auto, (max-width: 297px) 100vw, 297px\" \/>Domain Therapeutics<\/a> est une entreprise pharmaceutique au stade clinique qui cherche \u00e0 d\u00e9velopper des <strong>traitements innovants contre le cancer<\/strong> gr\u00e2ce au potentiel immunitaire des GPCR. Avec plus de 20 ans d\u2019exp\u00e9rience reconnue, cette entreprise situ\u00e9e dans le <strong>parc d\u2019innovation d\u2019Illkirch-Graffenstaden<\/strong> a d\u00e9velopp\u00e9 une approche bas\u00e9e sur la <strong>recherche de biomarqueurs<\/strong> pour mettre en place une <strong>m\u00e9decine de pr\u00e9cision<\/strong>.<\/p>\n<p>&nbsp;<\/p>\n<h5>RD-BIOTECH<\/h5>\n<p><a href=\"https:\/\/www.rd-biotech.com\/\"><img loading=\"lazy\" decoding=\"async\" class=\" wp-image-1129 alignright\" src=\"http:\/\/ngb-fr.org\/wp-content\/uploads\/2023\/12\/logo_rdbiotech-300x150.jpeg\" alt=\"\" width=\"300\" height=\"150\" srcset=\"https:\/\/ngb-fr.org\/wp-content\/uploads\/2023\/12\/logo_rdbiotech-300x150.jpeg 300w, https:\/\/ngb-fr.org\/wp-content\/uploads\/2023\/12\/logo_rdbiotech-1024x511.jpeg 1024w, https:\/\/ngb-fr.org\/wp-content\/uploads\/2023\/12\/logo_rdbiotech-768x383.jpeg 768w, https:\/\/ngb-fr.org\/wp-content\/uploads\/2023\/12\/logo_rdbiotech-1536x766.jpeg 1536w, https:\/\/ngb-fr.org\/wp-content\/uploads\/2023\/12\/logo_rdbiotech-1232x615.jpeg 1232w, https:\/\/ngb-fr.org\/wp-content\/uploads\/2023\/12\/logo_rdbiotech.jpeg 1700w\" sizes=\"auto, (max-width: 300px) 100vw, 300px\" \/>RD-Biotech<\/a> est une soci\u00e9t\u00e9 de biotechnologie, situ\u00e9e \u00e0 <strong>Besan\u00e7on<\/strong>, sp\u00e9cialis\u00e9e dans les <strong>solutions sur mesure pour la R&amp;D, les recherches cliniques et pr\u00e9cliniques<\/strong> dans les domaines de la <strong>biologie mol\u00e9culaire, de l\u2019immunologie et de l\u2019ing\u00e9nierie cellulaire<\/strong>. Depuis sa cr\u00e9ation en 2002, l\u2019entreprise collabore avec de nombreux grands groupes nationaux et internationaux, notamment gr\u00e2ce \u00e0 l\u2019expertise d\u2019une \u00e9quipe pluridisciplinaire et de plateformes technologiques haut de gamme.<\/p>\n<p>&nbsp;<\/p>\n<p>Nous les remercions pour leur participation \u00e0 l\u2019\u00e9v\u00e8nement !<\/p>\n","protected":false},"excerpt":{"rendered":"<p>Cette ann\u00e9e, le BiotechDay est sponsoris\u00e9 par 5 grandes entreprises. Vous pourrez les d\u00e9couvrir tout au long de la journ\u00e9e au niveau de leurs stands ou m\u00eame lors des workshops de l\u2019apr\u00e8s-midi qui seront anim\u00e9s par certains salari\u00e9s. C\u2019est l\u2019occasion d\u2019\u00e9changer sur la vie en entreprise, sur les diff\u00e9rents parcours de formation r\u00e9alis\u00e9s pour int\u00e9grer&nbsp;&hellip;<\/p>\n","protected":false},"author":2,"featured_media":986,"parent":1054,"menu_order":4,"comment_status":"closed","ping_status":"closed","template":"","meta":{"footnotes":""},"class_list":["post-1065","page","type-page","status-publish","has-post-thumbnail","hentry"],"yoast_head":"<!-- This site is optimized with the Yoast SEO plugin v27.4 - https:\/\/yoast.com\/product\/yoast-seo-wordpress\/ -->\n<title>Focus sur les sponsors - Nouvelle G\u00e9n\u00e9ration des Biotechnologistes<\/title>\n<meta name=\"robots\" content=\"index, follow, max-snippet:-1, max-image-preview:large, max-video-preview:-1\" \/>\n<link rel=\"canonical\" href=\"https:\/\/ngb-fr.org\/index.php\/fr\/biotech-dayyy\/biotechday-2023\/focus-sur-les-sponsors\/\" \/>\n<meta property=\"og:locale\" content=\"fr_FR\" \/>\n<meta property=\"og:type\" content=\"article\" \/>\n<meta property=\"og:title\" content=\"Focus sur les sponsors - Nouvelle G\u00e9n\u00e9ration des Biotechnologistes\" \/>\n<meta property=\"og:description\" content=\"Cette ann\u00e9e, le BiotechDay est sponsoris\u00e9 par 5 grandes entreprises. Vous pourrez les d\u00e9couvrir tout au long de la journ\u00e9e au niveau de leurs stands ou m\u00eame lors des workshops de l\u2019apr\u00e8s-midi qui seront anim\u00e9s par certains salari\u00e9s. C\u2019est l\u2019occasion d\u2019\u00e9changer sur la vie en entreprise, sur les diff\u00e9rents parcours de formation r\u00e9alis\u00e9s pour int\u00e9grer&nbsp;&hellip;\" \/>\n<meta property=\"og:url\" content=\"https:\/\/ngb-fr.org\/index.php\/fr\/biotech-dayyy\/biotechday-2023\/focus-sur-les-sponsors\/\" \/>\n<meta property=\"og:site_name\" content=\"Nouvelle G\u00e9n\u00e9ration des Biotechnologistes\" \/>\n<meta property=\"article:modified_time\" content=\"2023-12-06T12:49:45+00:00\" \/>\n<meta property=\"og:image\" content=\"https:\/\/ngb-fr.org\/wp-content\/uploads\/2022\/05\/fond2.png\" \/>\n\t<meta property=\"og:image:width\" content=\"1042\" \/>\n\t<meta property=\"og:image:height\" content=\"503\" \/>\n\t<meta property=\"og:image:type\" content=\"image\/png\" \/>\n<meta name=\"twitter:card\" content=\"summary_large_image\" \/>\n<meta name=\"twitter:label1\" content=\"Dur\u00e9e de lecture estim\u00e9e\" \/>\n\t<meta name=\"twitter:data1\" content=\"4 minutes\" \/>\n<script type=\"application\/ld+json\" class=\"yoast-schema-graph\">{\"@context\":\"https:\\\/\\\/schema.org\",\"@graph\":[{\"@type\":\"WebPage\",\"@id\":\"https:\\\/\\\/ngb-fr.org\\\/index.php\\\/fr\\\/biotech-dayyy\\\/biotechday-2023\\\/focus-sur-les-sponsors\\\/\",\"url\":\"https:\\\/\\\/ngb-fr.org\\\/index.php\\\/fr\\\/biotech-dayyy\\\/biotechday-2023\\\/focus-sur-les-sponsors\\\/\",\"name\":\"Focus sur les sponsors - Nouvelle G\u00e9n\u00e9ration des Biotechnologistes\",\"isPartOf\":{\"@id\":\"https:\\\/\\\/ngb-fr.org\\\/index.php\\\/fr\\\/materialis\\\/#website\"},\"primaryImageOfPage\":{\"@id\":\"https:\\\/\\\/ngb-fr.org\\\/index.php\\\/fr\\\/biotech-dayyy\\\/biotechday-2023\\\/focus-sur-les-sponsors\\\/#primaryimage\"},\"image\":{\"@id\":\"https:\\\/\\\/ngb-fr.org\\\/index.php\\\/fr\\\/biotech-dayyy\\\/biotechday-2023\\\/focus-sur-les-sponsors\\\/#primaryimage\"},\"thumbnailUrl\":\"https:\\\/\\\/ngb-fr.org\\\/wp-content\\\/uploads\\\/2022\\\/05\\\/fond2.png\",\"datePublished\":\"2023-11-23T12:56:43+00:00\",\"dateModified\":\"2023-12-06T12:49:45+00:00\",\"breadcrumb\":{\"@id\":\"https:\\\/\\\/ngb-fr.org\\\/index.php\\\/fr\\\/biotech-dayyy\\\/biotechday-2023\\\/focus-sur-les-sponsors\\\/#breadcrumb\"},\"inLanguage\":\"fr-FR\",\"potentialAction\":[{\"@type\":\"ReadAction\",\"target\":[\"https:\\\/\\\/ngb-fr.org\\\/index.php\\\/fr\\\/biotech-dayyy\\\/biotechday-2023\\\/focus-sur-les-sponsors\\\/\"]}]},{\"@type\":\"ImageObject\",\"inLanguage\":\"fr-FR\",\"@id\":\"https:\\\/\\\/ngb-fr.org\\\/index.php\\\/fr\\\/biotech-dayyy\\\/biotechday-2023\\\/focus-sur-les-sponsors\\\/#primaryimage\",\"url\":\"https:\\\/\\\/ngb-fr.org\\\/wp-content\\\/uploads\\\/2022\\\/05\\\/fond2.png\",\"contentUrl\":\"https:\\\/\\\/ngb-fr.org\\\/wp-content\\\/uploads\\\/2022\\\/05\\\/fond2.png\",\"width\":1042,\"height\":503},{\"@type\":\"BreadcrumbList\",\"@id\":\"https:\\\/\\\/ngb-fr.org\\\/index.php\\\/fr\\\/biotech-dayyy\\\/biotechday-2023\\\/focus-sur-les-sponsors\\\/#breadcrumb\",\"itemListElement\":[{\"@type\":\"ListItem\",\"position\":1,\"name\":\"Accueil\",\"item\":\"https:\\\/\\\/ngb-fr.org\\\/\"},{\"@type\":\"ListItem\",\"position\":2,\"name\":\"Biotech Day\",\"item\":\"https:\\\/\\\/ngb-fr.org\\\/index.php\\\/fr\\\/biotech-dayyy\\\/\"},{\"@type\":\"ListItem\",\"position\":3,\"name\":\"BIOTECHDAY 2023\",\"item\":\"https:\\\/\\\/ngb-fr.org\\\/index.php\\\/fr\\\/biotech-dayyy\\\/biotechday-2023\\\/\"},{\"@type\":\"ListItem\",\"position\":4,\"name\":\"Focus sur les sponsors\"}]},{\"@type\":\"WebSite\",\"@id\":\"https:\\\/\\\/ngb-fr.org\\\/index.php\\\/fr\\\/materialis\\\/#website\",\"url\":\"https:\\\/\\\/ngb-fr.org\\\/index.php\\\/fr\\\/materialis\\\/\",\"name\":\"Nouvelle G\u00e9n\u00e9ration des Biotechnologistes\",\"description\":\"\",\"publisher\":{\"@id\":\"https:\\\/\\\/ngb-fr.org\\\/index.php\\\/fr\\\/materialis\\\/#organization\"},\"potentialAction\":[{\"@type\":\"SearchAction\",\"target\":{\"@type\":\"EntryPoint\",\"urlTemplate\":\"https:\\\/\\\/ngb-fr.org\\\/index.php\\\/fr\\\/materialis\\\/?s={search_term_string}\"},\"query-input\":{\"@type\":\"PropertyValueSpecification\",\"valueRequired\":true,\"valueName\":\"search_term_string\"}}],\"inLanguage\":\"fr-FR\"},{\"@type\":\"Organization\",\"@id\":\"https:\\\/\\\/ngb-fr.org\\\/index.php\\\/fr\\\/materialis\\\/#organization\",\"name\":\"Nouvelle G\u00e9n\u00e9ration des Biotechnologistes\",\"url\":\"https:\\\/\\\/ngb-fr.org\\\/index.php\\\/fr\\\/materialis\\\/\",\"logo\":{\"@type\":\"ImageObject\",\"inLanguage\":\"fr-FR\",\"@id\":\"https:\\\/\\\/ngb-fr.org\\\/index.php\\\/fr\\\/materialis\\\/#\\\/schema\\\/logo\\\/image\\\/\",\"url\":\"https:\\\/\\\/ngb-fr.org\\\/wp-content\\\/uploads\\\/2019\\\/02\\\/cropped-1.png\",\"contentUrl\":\"https:\\\/\\\/ngb-fr.org\\\/wp-content\\\/uploads\\\/2019\\\/02\\\/cropped-1.png\",\"width\":1880,\"height\":1826,\"caption\":\"Nouvelle G\u00e9n\u00e9ration des Biotechnologistes\"},\"image\":{\"@id\":\"https:\\\/\\\/ngb-fr.org\\\/index.php\\\/fr\\\/materialis\\\/#\\\/schema\\\/logo\\\/image\\\/\"}}]}<\/script>\n<!-- \/ Yoast SEO plugin. -->","yoast_head_json":{"title":"Focus sur les sponsors - Nouvelle G\u00e9n\u00e9ration des Biotechnologistes","robots":{"index":"index","follow":"follow","max-snippet":"max-snippet:-1","max-image-preview":"max-image-preview:large","max-video-preview":"max-video-preview:-1"},"canonical":"https:\/\/ngb-fr.org\/index.php\/fr\/biotech-dayyy\/biotechday-2023\/focus-sur-les-sponsors\/","og_locale":"fr_FR","og_type":"article","og_title":"Focus sur les sponsors - Nouvelle G\u00e9n\u00e9ration des Biotechnologistes","og_description":"Cette ann\u00e9e, le BiotechDay est sponsoris\u00e9 par 5 grandes entreprises. Vous pourrez les d\u00e9couvrir tout au long de la journ\u00e9e au niveau de leurs stands ou m\u00eame lors des workshops de l\u2019apr\u00e8s-midi qui seront anim\u00e9s par certains salari\u00e9s. C\u2019est l\u2019occasion d\u2019\u00e9changer sur la vie en entreprise, sur les diff\u00e9rents parcours de formation r\u00e9alis\u00e9s pour int\u00e9grer&nbsp;&hellip;","og_url":"https:\/\/ngb-fr.org\/index.php\/fr\/biotech-dayyy\/biotechday-2023\/focus-sur-les-sponsors\/","og_site_name":"Nouvelle G\u00e9n\u00e9ration des Biotechnologistes","article_modified_time":"2023-12-06T12:49:45+00:00","og_image":[{"width":1042,"height":503,"url":"https:\/\/ngb-fr.org\/wp-content\/uploads\/2022\/05\/fond2.png","type":"image\/png"}],"twitter_card":"summary_large_image","twitter_misc":{"Dur\u00e9e de lecture estim\u00e9e":"4 minutes"},"schema":{"@context":"https:\/\/schema.org","@graph":[{"@type":"WebPage","@id":"https:\/\/ngb-fr.org\/index.php\/fr\/biotech-dayyy\/biotechday-2023\/focus-sur-les-sponsors\/","url":"https:\/\/ngb-fr.org\/index.php\/fr\/biotech-dayyy\/biotechday-2023\/focus-sur-les-sponsors\/","name":"Focus sur les sponsors - Nouvelle G\u00e9n\u00e9ration des Biotechnologistes","isPartOf":{"@id":"https:\/\/ngb-fr.org\/index.php\/fr\/materialis\/#website"},"primaryImageOfPage":{"@id":"https:\/\/ngb-fr.org\/index.php\/fr\/biotech-dayyy\/biotechday-2023\/focus-sur-les-sponsors\/#primaryimage"},"image":{"@id":"https:\/\/ngb-fr.org\/index.php\/fr\/biotech-dayyy\/biotechday-2023\/focus-sur-les-sponsors\/#primaryimage"},"thumbnailUrl":"https:\/\/ngb-fr.org\/wp-content\/uploads\/2022\/05\/fond2.png","datePublished":"2023-11-23T12:56:43+00:00","dateModified":"2023-12-06T12:49:45+00:00","breadcrumb":{"@id":"https:\/\/ngb-fr.org\/index.php\/fr\/biotech-dayyy\/biotechday-2023\/focus-sur-les-sponsors\/#breadcrumb"},"inLanguage":"fr-FR","potentialAction":[{"@type":"ReadAction","target":["https:\/\/ngb-fr.org\/index.php\/fr\/biotech-dayyy\/biotechday-2023\/focus-sur-les-sponsors\/"]}]},{"@type":"ImageObject","inLanguage":"fr-FR","@id":"https:\/\/ngb-fr.org\/index.php\/fr\/biotech-dayyy\/biotechday-2023\/focus-sur-les-sponsors\/#primaryimage","url":"https:\/\/ngb-fr.org\/wp-content\/uploads\/2022\/05\/fond2.png","contentUrl":"https:\/\/ngb-fr.org\/wp-content\/uploads\/2022\/05\/fond2.png","width":1042,"height":503},{"@type":"BreadcrumbList","@id":"https:\/\/ngb-fr.org\/index.php\/fr\/biotech-dayyy\/biotechday-2023\/focus-sur-les-sponsors\/#breadcrumb","itemListElement":[{"@type":"ListItem","position":1,"name":"Accueil","item":"https:\/\/ngb-fr.org\/"},{"@type":"ListItem","position":2,"name":"Biotech Day","item":"https:\/\/ngb-fr.org\/index.php\/fr\/biotech-dayyy\/"},{"@type":"ListItem","position":3,"name":"BIOTECHDAY 2023","item":"https:\/\/ngb-fr.org\/index.php\/fr\/biotech-dayyy\/biotechday-2023\/"},{"@type":"ListItem","position":4,"name":"Focus sur les sponsors"}]},{"@type":"WebSite","@id":"https:\/\/ngb-fr.org\/index.php\/fr\/materialis\/#website","url":"https:\/\/ngb-fr.org\/index.php\/fr\/materialis\/","name":"Nouvelle G\u00e9n\u00e9ration des Biotechnologistes","description":"","publisher":{"@id":"https:\/\/ngb-fr.org\/index.php\/fr\/materialis\/#organization"},"potentialAction":[{"@type":"SearchAction","target":{"@type":"EntryPoint","urlTemplate":"https:\/\/ngb-fr.org\/index.php\/fr\/materialis\/?s={search_term_string}"},"query-input":{"@type":"PropertyValueSpecification","valueRequired":true,"valueName":"search_term_string"}}],"inLanguage":"fr-FR"},{"@type":"Organization","@id":"https:\/\/ngb-fr.org\/index.php\/fr\/materialis\/#organization","name":"Nouvelle G\u00e9n\u00e9ration des Biotechnologistes","url":"https:\/\/ngb-fr.org\/index.php\/fr\/materialis\/","logo":{"@type":"ImageObject","inLanguage":"fr-FR","@id":"https:\/\/ngb-fr.org\/index.php\/fr\/materialis\/#\/schema\/logo\/image\/","url":"https:\/\/ngb-fr.org\/wp-content\/uploads\/2019\/02\/cropped-1.png","contentUrl":"https:\/\/ngb-fr.org\/wp-content\/uploads\/2019\/02\/cropped-1.png","width":1880,"height":1826,"caption":"Nouvelle G\u00e9n\u00e9ration des Biotechnologistes"},"image":{"@id":"https:\/\/ngb-fr.org\/index.php\/fr\/materialis\/#\/schema\/logo\/image\/"}}]}},"jetpack_sharing_enabled":true,"_links":{"self":[{"href":"https:\/\/ngb-fr.org\/index.php\/wp-json\/wp\/v2\/pages\/1065","targetHints":{"allow":["GET"]}}],"collection":[{"href":"https:\/\/ngb-fr.org\/index.php\/wp-json\/wp\/v2\/pages"}],"about":[{"href":"https:\/\/ngb-fr.org\/index.php\/wp-json\/wp\/v2\/types\/page"}],"author":[{"embeddable":true,"href":"https:\/\/ngb-fr.org\/index.php\/wp-json\/wp\/v2\/users\/2"}],"replies":[{"embeddable":true,"href":"https:\/\/ngb-fr.org\/index.php\/wp-json\/wp\/v2\/comments?post=1065"}],"version-history":[{"count":3,"href":"https:\/\/ngb-fr.org\/index.php\/wp-json\/wp\/v2\/pages\/1065\/revisions"}],"predecessor-version":[{"id":1130,"href":"https:\/\/ngb-fr.org\/index.php\/wp-json\/wp\/v2\/pages\/1065\/revisions\/1130"}],"up":[{"embeddable":true,"href":"https:\/\/ngb-fr.org\/index.php\/wp-json\/wp\/v2\/pages\/1054"}],"wp:featuredmedia":[{"embeddable":true,"href":"https:\/\/ngb-fr.org\/index.php\/wp-json\/wp\/v2\/media\/986"}],"wp:attachment":[{"href":"https:\/\/ngb-fr.org\/index.php\/wp-json\/wp\/v2\/media?parent=1065"}],"curies":[{"name":"wp","href":"https:\/\/api.w.org\/{rel}","templated":true}]}}