{"id":51,"date":"2019-01-29T12:40:48","date_gmt":"2019-01-29T11:40:48","guid":{"rendered":"http:\/\/ngb-fr.org\/index.php\/materialis\/"},"modified":"2026-01-29T09:49:02","modified_gmt":"2026-01-29T08:49:02","slug":"materialis","status":"publish","type":"page","link":"https:\/\/ngb-fr.org\/","title":{"rendered":"Front page"},"content":{"rendered":"<div  id=\"ngb-c-est-quoi\" class=\"content-13m content-section\" style=\"background-color: #f5fafd;\" data-label=\"NGB c'est quoi\" data-id=\"content--1\" data-export-id=\"content-13-materialis\" data-category=\"content\">\n<div >\n<div  class=\"row middle-md middle-xs\">\n<div  class=\"col-md-6 col-xs-12 col-sm-6 bag-image mdc-elevation--z0\" style=\"background-image: url(&quot;http:\/\/ngb-fr.org\/wp-content\/uploads\/2022\/02\/cropped-IMG_9911-1-1.png&quot;);\" data-bg=\"image\"><\/div>\n<div  class=\"col-md-5 col-md-offset-1 col-xs-12 col-sm-6 content-left-sm full-col-right-padding first-xs last-sm col-padding\" data-type=\"column\">\n<h6  class=\"upper\">\u00c0 propos de nous<\/h6>\n<h3  class=\"\">La NGB, qu\u2019est ce que c\u2019est ?<\/h3>\n<p  class=\"space-top-small\">Notre association a \u00e9t\u00e9 cr\u00e9\u00e9e \u00e0 Strasbourg en 2009 par des \u00e9tudiants de l\u2019ESBS d\u00e9sireux de former un v\u00e9ritable r\u00e9seau de jeunes scientifiques en biotechnologies. Notre but est de faciliter la communication et la coop\u00e9ration entre tous, et d\u2019aider \u00e0 l\u2019insertion professionnelle.<\/p>\n<p  class=\"\"><a class=\"button read-more link color1 negative-margin space-top-small mdc-ripple-upgraded\" style=\"--mdc-ripple-fg-size: 72.8531px; --mdc-ripple-fg-scale: 1.89204;\" href=\"https:\/\/ngb-fr.org\/index.php\/fr\/nouveautes\/conferences\/presentation\" target=\"_self\" rel=\"noopener\" data-cp-link=\"1\">En savoir plus\u2026<\/a><\/p>\n\n<\/div>\n<\/div>\n<\/div>\n<\/div><div  id=\"clients-1\" class=\"clients-2 content-section content-section-spacing-large\" style=\"background-color: #f5fafd;\" data-label=\"Clients\" data-id=\"clients--1\" data-export-id=\"clients-2\" data-category=\"clients\">\n<div  class=\"gridContainer\">\n<div  class=\"row center-xs spaced-cols middle-sm\" data-type=\"row\">\n<div  class=\"col-xs-6 col-sm-3\"><\/div>\n<\/div>\n<\/div>\n<\/div><!-- CloudPress Companion Preview Data START --><div  data-label=\"Latest-news\" data-id=\"latest_news--1\" data-export-id=\"latest-news-1-materialis\" data-category=\"latest_news\" class=\"latest-news-1-materialis content-section content-section-spacing-large\" id=\"latest_news-1\" style=\"background-color: rgb(255, 255, 255);\"><div  class=\"gridContainer\"> <div  class=\"row\"><div  data-type=\"column\" class=\"section-title-col\"> <h2  class=\"\">Actualit\u00e9s<\/h2> <p  class=\"lead\">Conf\u00e9rences, visites, d\u00e9bats\u2026. de nombreux \u00e9v\u00e8nements sont organis\u00e9s par nos \u00e9quipes dynamiques. Venez d\u00e9couvrir le monde des biotechs avec nous!<\/p><\/div> <\/div> <div  class=\"row content-left-sm\"> <div  data-type=\"row\" data-dynamic-columns=\"handled\" data-content-shortcode=\"materialis_latest_news\" data-max-items=\"4\">\t\t<div class=\"row materialis-latest-news\">\n\t\t\t\t\t<div id=\"post-567\" class=\"col-sm-6 col-md-4 space-bottom space-bottom-xs\">\n\t\t\t\t\t<div class=\"post-content no-padding  mdc-card overflow-hidden mdc-elevation--z2 latest-news-layout-cards\">\n\t\t\t\t\t<div class=\"\">\n\t\t\t\t    <div class=\"post-thumbnail\">\n        <a href=\"https:\/\/ngb-fr.org\/index.php\/2020\/03\/01\/cafe-debat-genetics-ethics\/\" class=\"post-list-item-thumb \">\n            <img loading=\"lazy\" decoding=\"async\" width=\"1232\" height=\"924\" src=\"https:\/\/ngb-fr.org\/wp-content\/uploads\/2020\/03\/IMG_20200204_191858-1232x924.jpg\" class=\"attachment-post-thumbnail size-post-thumbnail wp-post-image\" alt=\"\" srcset=\"https:\/\/ngb-fr.org\/wp-content\/uploads\/2020\/03\/IMG_20200204_191858-1232x924.jpg 1232w, https:\/\/ngb-fr.org\/wp-content\/uploads\/2020\/03\/IMG_20200204_191858-300x225.jpg 300w, https:\/\/ngb-fr.org\/wp-content\/uploads\/2020\/03\/IMG_20200204_191858-768x576.jpg 768w, https:\/\/ngb-fr.org\/wp-content\/uploads\/2020\/03\/IMG_20200204_191858-1024x768.jpg 1024w, https:\/\/ngb-fr.org\/wp-content\/uploads\/2020\/03\/IMG_20200204_191858-1440x1080.jpg 1440w\" sizes=\"auto, (max-width: 1232px) 100vw, 1232px\" \/>        <\/a>\n    <\/div>\n    \t\t\t<\/div>\n\t\t\n\t\t<div class=\"post-content-body col-padding  \">\n\t\t\t\t\t\t\t<div class=\"space-bottom-small\">\n\t\t\t\t\t<a href=\"https:\/\/ngb-fr.org\/index.php\/category\/conferences\/\"  class=\"button color5 link \">Conf\u00e9rences<\/a><span class='has-more-categories'>[&hellip;]<\/span>\t\t\t\t<\/div>\n\t\t\t\n\t\t\t<h4 class=\"latest-news-item-title\">\n\t\t\t\t<a href=\"https:\/\/ngb-fr.org\/index.php\/2020\/03\/01\/cafe-debat-genetics-ethics\/\" rel=\"bookmark\">\n\t\t\t\t\tCaf\u00e9-d\u00e9bat \u00ab\u00a0Genetics &#038; Ethics\u00a0\u00bb\t\t\t\t<\/a>\n\t\t\t<\/h4>\n\n\t\t\t\n\t\t\t<div class=\"latest-news-item-excerpt\">\n\t\t\t\t<p>Intervenant :\u00a0 \u00c9ric Marois \u2013 Il travaille \u00e0 l&rsquo;IBMC, et \u00e9tudie les moustiques en tant[&hellip;]<\/p>\n\t\t\t<\/div>\n\n\n\t\t<\/div>\n\t\t\t\t\t\t\t<div class=\"mdc-card__actions box-padding-lr-small text-dark\">\n\t\t\t\t<div class=\"mdc-card__action-icons col-xs-12 text-dark col-sm-fit no-padding-left\">\n\t\t\t\t\t\t<a class=\"post-footer-link\" href=\"https:\/\/ngb-fr.org\/index.php\/2020\/03\/01\/cafe-debat-genetics-ethics\/\">\n\t\t<i class=\"mdi small mdi-comment-outline mdc-card__action mdc-card__action--icon color-darkgray\" title=\"Comments\"><\/i>\n\t\t<span class=\"post-footer-value\">24976<\/span>\n\t<\/a>\n\t<a class=\"post-footer-link\" href=\"https:\/\/ngb-fr.org\/index.php\/2020\/03\/01\/cafe-debat-genetics-ethics\/\">\n\t\t<i class=\"mdi small mdi-clock mdc-card__action mdc-card__action--icon color-darkgray\" title=\"Post Time\"><\/i>\n\t\t<span class=\"post-footer-value\">1 mars 2020<\/span>\n\t<\/a>\n\t\t\t\t\t<\/div>\n\t\t\t\t<div class=\"mdc-card__action-buttons col-xs-12 col-sm-fit no-padding\">\n\t\t\t\t\t<a href=\"https:\/\/ngb-fr.org\/index.php\/2020\/03\/01\/cafe-debat-genetics-ethics\/\" class=\"button color2 link\">Lire la suite<\/a>\n\t\t\t\t<\/div>\n\t\t\t<\/div>\n\t\t\t<\/div>\n\t\t\t\t<\/div>\n\t\t\t\t\t\t<div id=\"post-517\" class=\"col-sm-6 col-md-4 space-bottom space-bottom-xs\">\n\t\t\t\t\t<div class=\"post-content no-padding  mdc-card overflow-hidden mdc-elevation--z2 latest-news-layout-cards\">\n\t\t\t\t\t<div class=\"\">\n\t\t\t\t    <div class=\"post-thumbnail\">\n        <a href=\"https:\/\/ngb-fr.org\/index.php\/2019\/12\/04\/thesis-or-not-thesis-3\/\" class=\"post-list-item-thumb \">\n            <img loading=\"lazy\" decoding=\"async\" width=\"1232\" height=\"660\" src=\"https:\/\/ngb-fr.org\/wp-content\/uploads\/2019\/11\/Picture2-1232x660.png\" class=\"attachment-post-thumbnail size-post-thumbnail wp-post-image\" alt=\"\" srcset=\"https:\/\/ngb-fr.org\/wp-content\/uploads\/2019\/11\/Picture2-1232x660.png 1232w, https:\/\/ngb-fr.org\/wp-content\/uploads\/2019\/11\/Picture2-300x161.png 300w, https:\/\/ngb-fr.org\/wp-content\/uploads\/2019\/11\/Picture2-768x412.png 768w, https:\/\/ngb-fr.org\/wp-content\/uploads\/2019\/11\/Picture2-1024x549.png 1024w, https:\/\/ngb-fr.org\/wp-content\/uploads\/2019\/11\/Picture2.png 1782w\" sizes=\"auto, (max-width: 1232px) 100vw, 1232px\" \/>        <\/a>\n    <\/div>\n    \t\t\t<\/div>\n\t\t\n\t\t<div class=\"post-content-body col-padding  \">\n\t\t\t\t\t\t\t<div class=\"space-bottom-small\">\n\t\t\t\t\t<a href=\"https:\/\/ngb-fr.org\/index.php\/category\/conferences-2\/\"  class=\"button color5 link \">Conferences<\/a><span class='has-more-categories'>[&hellip;]<\/span>\t\t\t\t<\/div>\n\t\t\t\n\t\t\t<h4 class=\"latest-news-item-title\">\n\t\t\t\t<a href=\"https:\/\/ngb-fr.org\/index.php\/2019\/12\/04\/thesis-or-not-thesis-3\/\" rel=\"bookmark\">\n\t\t\t\t\tThesis or not thesis ?\t\t\t\t<\/a>\n\t\t\t<\/h4>\n\n\t\t\t\n\t\t\t<div class=\"latest-news-item-excerpt\">\n\t\t\t\t<p>Thesis or not thesis On Tuesday 26th of November, ESBS students and speakers of various[&hellip;]<\/p>\n\t\t\t<\/div>\n\n\n\t\t<\/div>\n\t\t\t\t\t\t\t<div class=\"mdc-card__actions box-padding-lr-small text-dark\">\n\t\t\t\t<div class=\"mdc-card__action-icons col-xs-12 text-dark col-sm-fit no-padding-left\">\n\t\t\t\t\t\t<a class=\"post-footer-link\" href=\"https:\/\/ngb-fr.org\/index.php\/2019\/12\/04\/thesis-or-not-thesis-3\/\">\n\t\t<i class=\"mdi small mdi-comment-outline mdc-card__action mdc-card__action--icon color-darkgray\" title=\"Comments\"><\/i>\n\t\t<span class=\"post-footer-value\">24562<\/span>\n\t<\/a>\n\t<a class=\"post-footer-link\" href=\"https:\/\/ngb-fr.org\/index.php\/2019\/12\/04\/thesis-or-not-thesis-3\/\">\n\t\t<i class=\"mdi small mdi-clock mdc-card__action mdc-card__action--icon color-darkgray\" title=\"Post Time\"><\/i>\n\t\t<span class=\"post-footer-value\">4 d\u00e9cembre 2019<\/span>\n\t<\/a>\n\t\t\t\t\t<\/div>\n\t\t\t\t<div class=\"mdc-card__action-buttons col-xs-12 col-sm-fit no-padding\">\n\t\t\t\t\t<a href=\"https:\/\/ngb-fr.org\/index.php\/2019\/12\/04\/thesis-or-not-thesis-3\/\" class=\"button color2 link\">Lire la suite<\/a>\n\t\t\t\t<\/div>\n\t\t\t<\/div>\n\t\t\t<\/div>\n\t\t\t\t<\/div>\n\t\t\t\t\t\t<div id=\"post-512\" class=\"col-sm-6 col-md-4 space-bottom space-bottom-xs\">\n\t\t\t\t\t<div class=\"post-content no-padding  mdc-card overflow-hidden mdc-elevation--z2 latest-news-layout-cards\">\n\t\t\t\t\t<div class=\"\">\n\t\t\t\t    <div class=\"post-thumbnail\">\n        <a href=\"https:\/\/ngb-fr.org\/index.php\/2019\/12\/04\/thesis-or-not-thesis-2\/\" class=\"post-list-item-thumb \">\n            <img loading=\"lazy\" decoding=\"async\" width=\"1232\" height=\"660\" src=\"https:\/\/ngb-fr.org\/wp-content\/uploads\/2019\/11\/Picture2-1232x660.png\" class=\"attachment-post-thumbnail size-post-thumbnail wp-post-image\" alt=\"\" srcset=\"https:\/\/ngb-fr.org\/wp-content\/uploads\/2019\/11\/Picture2-1232x660.png 1232w, https:\/\/ngb-fr.org\/wp-content\/uploads\/2019\/11\/Picture2-300x161.png 300w, https:\/\/ngb-fr.org\/wp-content\/uploads\/2019\/11\/Picture2-768x412.png 768w, https:\/\/ngb-fr.org\/wp-content\/uploads\/2019\/11\/Picture2-1024x549.png 1024w, https:\/\/ngb-fr.org\/wp-content\/uploads\/2019\/11\/Picture2.png 1782w\" sizes=\"auto, (max-width: 1232px) 100vw, 1232px\" \/>        <\/a>\n    <\/div>\n    \t\t\t<\/div>\n\t\t\n\t\t<div class=\"post-content-body col-padding  \">\n\t\t\t\t\t\t\t<div class=\"space-bottom-small\">\n\t\t\t\t\t<a href=\"https:\/\/ngb-fr.org\/index.php\/category\/conferences\/\"  class=\"button color5 link \">Conf\u00e9rences<\/a><span class='has-more-categories'>[&hellip;]<\/span>\t\t\t\t<\/div>\n\t\t\t\n\t\t\t<h4 class=\"latest-news-item-title\">\n\t\t\t\t<a href=\"https:\/\/ngb-fr.org\/index.php\/2019\/12\/04\/thesis-or-not-thesis-2\/\" rel=\"bookmark\">\n\t\t\t\t\tThesis Or Not Thesis ?\t\t\t\t<\/a>\n\t\t\t<\/h4>\n\n\t\t\t\n\t\t\t<div class=\"latest-news-item-excerpt\">\n\t\t\t\t<p>Thesis or not thesis Le mardi 26 novembre, des \u00e9tudiants de l&rsquo;ESBS et des intervenants[&hellip;]<\/p>\n\t\t\t<\/div>\n\n\n\t\t<\/div>\n\t\t\t\t\t\t\t<div class=\"mdc-card__actions box-padding-lr-small text-dark\">\n\t\t\t\t<div class=\"mdc-card__action-icons col-xs-12 text-dark col-sm-fit no-padding-left\">\n\t\t\t\t\t\t<a class=\"post-footer-link\" href=\"https:\/\/ngb-fr.org\/index.php\/2019\/12\/04\/thesis-or-not-thesis-2\/\">\n\t\t<i class=\"mdi small mdi-comment-outline mdc-card__action mdc-card__action--icon color-darkgray\" title=\"Comments\"><\/i>\n\t\t<span class=\"post-footer-value\">17119<\/span>\n\t<\/a>\n\t<a class=\"post-footer-link\" href=\"https:\/\/ngb-fr.org\/index.php\/2019\/12\/04\/thesis-or-not-thesis-2\/\">\n\t\t<i class=\"mdi small mdi-clock mdc-card__action mdc-card__action--icon color-darkgray\" title=\"Post Time\"><\/i>\n\t\t<span class=\"post-footer-value\">4 d\u00e9cembre 2019<\/span>\n\t<\/a>\n\t\t\t\t\t<\/div>\n\t\t\t\t<div class=\"mdc-card__action-buttons col-xs-12 col-sm-fit no-padding\">\n\t\t\t\t\t<a href=\"https:\/\/ngb-fr.org\/index.php\/2019\/12\/04\/thesis-or-not-thesis-2\/\" class=\"button color2 link\">Lire la suite<\/a>\n\t\t\t\t<\/div>\n\t\t\t<\/div>\n\t\t\t<\/div>\n\t\t\t\t<\/div>\n\t\t\t\t<\/div>\n\t<\/div><\/div> <div  class=\"row\"><div  class=\"col-xs-12 text-center\"> <a  class=\"button big color1 mdc-elevation--z3 mdc-ripple-upgraded\" data-attr-shortcode=\"href:materialis_blog_link\" href=\"https:\/\/ngb-fr.org\/?post_type=post\">PLUS DE DETAILS<\/a><\/div> <\/div><\/div><\/div>","protected":false},"excerpt":{"rendered":"","protected":false},"author":2,"featured_media":0,"parent":0,"menu_order":0,"comment_status":"closed","ping_status":"closed","template":"page-templates\/homepage.php","meta":{"footnotes":""},"class_list":["post-51","page","type-page","status-publish","hentry"],"yoast_head":"<!-- This site is optimized with the Yoast SEO plugin v27.3 - https:\/\/yoast.com\/product\/yoast-seo-wordpress\/ -->\n<title>Front page - Nouvelle G\u00e9n\u00e9ration des Biotechnologistes<\/title>\n<meta name=\"robots\" content=\"index, follow, max-snippet:-1, max-image-preview:large, max-video-preview:-1\" \/>\n<link rel=\"canonical\" href=\"https:\/\/ngb-fr.org\/\" \/>\n<meta property=\"og:locale\" content=\"fr_FR\" \/>\n<meta property=\"og:type\" content=\"article\" \/>\n<meta property=\"og:title\" content=\"Front page - Nouvelle G\u00e9n\u00e9ration des Biotechnologistes\" \/>\n<meta property=\"og:url\" content=\"https:\/\/ngb-fr.org\/\" \/>\n<meta property=\"og:site_name\" content=\"Nouvelle G\u00e9n\u00e9ration des Biotechnologistes\" \/>\n<meta property=\"article:modified_time\" content=\"2026-01-29T08:49:02+00:00\" \/>\n<meta name=\"twitter:card\" content=\"summary_large_image\" \/>\n<meta name=\"twitter:label1\" content=\"Dur\u00e9e de lecture estim\u00e9e\" \/>\n\t<meta name=\"twitter:data1\" content=\"1 minute\" \/>\n<script type=\"application\/ld+json\" class=\"yoast-schema-graph\">{\"@context\":\"https:\\\/\\\/schema.org\",\"@graph\":[{\"@type\":\"WebPage\",\"@id\":\"https:\\\/\\\/ngb-fr.org\\\/\",\"url\":\"https:\\\/\\\/ngb-fr.org\\\/\",\"name\":\"Front page - Nouvelle G\u00e9n\u00e9ration des Biotechnologistes\",\"isPartOf\":{\"@id\":\"https:\\\/\\\/ngb-fr.org\\\/index.php\\\/fr\\\/materialis\\\/#website\"},\"datePublished\":\"2019-01-29T11:40:48+00:00\",\"dateModified\":\"2026-01-29T08:49:02+00:00\",\"breadcrumb\":{\"@id\":\"https:\\\/\\\/ngb-fr.org\\\/#breadcrumb\"},\"inLanguage\":\"fr-FR\",\"potentialAction\":[{\"@type\":\"ReadAction\",\"target\":[\"https:\\\/\\\/ngb-fr.org\\\/\"]}]},{\"@type\":\"BreadcrumbList\",\"@id\":\"https:\\\/\\\/ngb-fr.org\\\/#breadcrumb\",\"itemListElement\":[{\"@type\":\"ListItem\",\"position\":1,\"name\":\"Accueil\",\"item\":\"https:\\\/\\\/ngb-fr.org\\\/\"},{\"@type\":\"ListItem\",\"position\":2,\"name\":\"Front page\"}]},{\"@type\":\"WebSite\",\"@id\":\"https:\\\/\\\/ngb-fr.org\\\/index.php\\\/fr\\\/materialis\\\/#website\",\"url\":\"https:\\\/\\\/ngb-fr.org\\\/index.php\\\/fr\\\/materialis\\\/\",\"name\":\"Nouvelle G\u00e9n\u00e9ration des Biotechnologistes\",\"description\":\"\",\"publisher\":{\"@id\":\"https:\\\/\\\/ngb-fr.org\\\/index.php\\\/fr\\\/materialis\\\/#organization\"},\"potentialAction\":[{\"@type\":\"SearchAction\",\"target\":{\"@type\":\"EntryPoint\",\"urlTemplate\":\"https:\\\/\\\/ngb-fr.org\\\/index.php\\\/fr\\\/materialis\\\/?s={search_term_string}\"},\"query-input\":{\"@type\":\"PropertyValueSpecification\",\"valueRequired\":true,\"valueName\":\"search_term_string\"}}],\"inLanguage\":\"fr-FR\"},{\"@type\":\"Organization\",\"@id\":\"https:\\\/\\\/ngb-fr.org\\\/index.php\\\/fr\\\/materialis\\\/#organization\",\"name\":\"Nouvelle G\u00e9n\u00e9ration des Biotechnologistes\",\"url\":\"https:\\\/\\\/ngb-fr.org\\\/index.php\\\/fr\\\/materialis\\\/\",\"logo\":{\"@type\":\"ImageObject\",\"inLanguage\":\"fr-FR\",\"@id\":\"https:\\\/\\\/ngb-fr.org\\\/index.php\\\/fr\\\/materialis\\\/#\\\/schema\\\/logo\\\/image\\\/\",\"url\":\"https:\\\/\\\/ngb-fr.org\\\/wp-content\\\/uploads\\\/2019\\\/02\\\/cropped-1.png\",\"contentUrl\":\"https:\\\/\\\/ngb-fr.org\\\/wp-content\\\/uploads\\\/2019\\\/02\\\/cropped-1.png\",\"width\":1880,\"height\":1826,\"caption\":\"Nouvelle G\u00e9n\u00e9ration des Biotechnologistes\"},\"image\":{\"@id\":\"https:\\\/\\\/ngb-fr.org\\\/index.php\\\/fr\\\/materialis\\\/#\\\/schema\\\/logo\\\/image\\\/\"}}]}<\/script>\n<!-- \/ Yoast SEO plugin. -->","yoast_head_json":{"title":"Front page - Nouvelle G\u00e9n\u00e9ration des Biotechnologistes","robots":{"index":"index","follow":"follow","max-snippet":"max-snippet:-1","max-image-preview":"max-image-preview:large","max-video-preview":"max-video-preview:-1"},"canonical":"https:\/\/ngb-fr.org\/","og_locale":"fr_FR","og_type":"article","og_title":"Front page - Nouvelle G\u00e9n\u00e9ration des Biotechnologistes","og_url":"https:\/\/ngb-fr.org\/","og_site_name":"Nouvelle G\u00e9n\u00e9ration des Biotechnologistes","article_modified_time":"2026-01-29T08:49:02+00:00","twitter_card":"summary_large_image","twitter_misc":{"Dur\u00e9e de lecture estim\u00e9e":"1 minute"},"schema":{"@context":"https:\/\/schema.org","@graph":[{"@type":"WebPage","@id":"https:\/\/ngb-fr.org\/","url":"https:\/\/ngb-fr.org\/","name":"Front page - Nouvelle G\u00e9n\u00e9ration des Biotechnologistes","isPartOf":{"@id":"https:\/\/ngb-fr.org\/index.php\/fr\/materialis\/#website"},"datePublished":"2019-01-29T11:40:48+00:00","dateModified":"2026-01-29T08:49:02+00:00","breadcrumb":{"@id":"https:\/\/ngb-fr.org\/#breadcrumb"},"inLanguage":"fr-FR","potentialAction":[{"@type":"ReadAction","target":["https:\/\/ngb-fr.org\/"]}]},{"@type":"BreadcrumbList","@id":"https:\/\/ngb-fr.org\/#breadcrumb","itemListElement":[{"@type":"ListItem","position":1,"name":"Accueil","item":"https:\/\/ngb-fr.org\/"},{"@type":"ListItem","position":2,"name":"Front page"}]},{"@type":"WebSite","@id":"https:\/\/ngb-fr.org\/index.php\/fr\/materialis\/#website","url":"https:\/\/ngb-fr.org\/index.php\/fr\/materialis\/","name":"Nouvelle G\u00e9n\u00e9ration des Biotechnologistes","description":"","publisher":{"@id":"https:\/\/ngb-fr.org\/index.php\/fr\/materialis\/#organization"},"potentialAction":[{"@type":"SearchAction","target":{"@type":"EntryPoint","urlTemplate":"https:\/\/ngb-fr.org\/index.php\/fr\/materialis\/?s={search_term_string}"},"query-input":{"@type":"PropertyValueSpecification","valueRequired":true,"valueName":"search_term_string"}}],"inLanguage":"fr-FR"},{"@type":"Organization","@id":"https:\/\/ngb-fr.org\/index.php\/fr\/materialis\/#organization","name":"Nouvelle G\u00e9n\u00e9ration des Biotechnologistes","url":"https:\/\/ngb-fr.org\/index.php\/fr\/materialis\/","logo":{"@type":"ImageObject","inLanguage":"fr-FR","@id":"https:\/\/ngb-fr.org\/index.php\/fr\/materialis\/#\/schema\/logo\/image\/","url":"https:\/\/ngb-fr.org\/wp-content\/uploads\/2019\/02\/cropped-1.png","contentUrl":"https:\/\/ngb-fr.org\/wp-content\/uploads\/2019\/02\/cropped-1.png","width":1880,"height":1826,"caption":"Nouvelle G\u00e9n\u00e9ration des Biotechnologistes"},"image":{"@id":"https:\/\/ngb-fr.org\/index.php\/fr\/materialis\/#\/schema\/logo\/image\/"}}]}},"jetpack_sharing_enabled":true,"_links":{"self":[{"href":"https:\/\/ngb-fr.org\/index.php\/wp-json\/wp\/v2\/pages\/51","targetHints":{"allow":["GET"]}}],"collection":[{"href":"https:\/\/ngb-fr.org\/index.php\/wp-json\/wp\/v2\/pages"}],"about":[{"href":"https:\/\/ngb-fr.org\/index.php\/wp-json\/wp\/v2\/types\/page"}],"author":[{"embeddable":true,"href":"https:\/\/ngb-fr.org\/index.php\/wp-json\/wp\/v2\/users\/2"}],"replies":[{"embeddable":true,"href":"https:\/\/ngb-fr.org\/index.php\/wp-json\/wp\/v2\/comments?post=51"}],"version-history":[{"count":78,"href":"https:\/\/ngb-fr.org\/index.php\/wp-json\/wp\/v2\/pages\/51\/revisions"}],"predecessor-version":[{"id":1321,"href":"https:\/\/ngb-fr.org\/index.php\/wp-json\/wp\/v2\/pages\/51\/revisions\/1321"}],"wp:attachment":[{"href":"https:\/\/ngb-fr.org\/index.php\/wp-json\/wp\/v2\/media?parent=51"}],"curies":[{"name":"wp","href":"https:\/\/api.w.org\/{rel}","templated":true}]}}