{"id":648,"date":"2021-05-09T22:07:52","date_gmt":"2021-05-09T20:07:52","guid":{"rendered":"http:\/\/ngb-fr.org\/?page_id=648"},"modified":"2022-09-07T14:07:09","modified_gmt":"2022-09-07T12:07:09","slug":"precedents-biotechcorner","status":"publish","type":"page","link":"https:\/\/ngb-fr.org\/index.php\/precedents-biotechcorner\/","title":{"rendered":"Pr\u00e9c\u00e9dents BiotechCorner"},"content":{"rendered":"<p>L&rsquo;ensemble des vid\u00e9os r\u00e9alis\u00e9es par les \u00e9l\u00e8ves de premi\u00e8re ann\u00e9e de l&rsquo;ESBS lors des pr\u00e9c\u00e9dents Biotech Corner est disponible sur le site de l&rsquo;\u00e9cole (onglet Biotech Corner puis Vid\u00e9os) \u00e0 l&rsquo;adresse suivante : <a href=\"https:\/\/esbs.unistra.fr\/biotech-corner\">https:\/\/esbs.unistra.fr\/biotech-corner<\/a>. N&rsquo;h\u00e9sitez pas \u00e0 aller les consulter ! Dans chacune de ces vid\u00e9os, les \u00e9l\u00e8ves pr\u00e9sentent les intervenants et un extrait de l&rsquo;\u00e9v\u00e9nement est visible !!<\/p>\n<p><img loading=\"lazy\" decoding=\"async\" class=\" wp-image-1020 aligncenter\" src=\"http:\/\/ngb-fr.org\/wp-content\/uploads\/2022\/09\/ok-300x182.png\" alt=\"\" width=\"330\" height=\"200\" srcset=\"https:\/\/ngb-fr.org\/wp-content\/uploads\/2022\/09\/ok-300x182.png 300w, https:\/\/ngb-fr.org\/wp-content\/uploads\/2022\/09\/ok-768x465.png 768w, https:\/\/ngb-fr.org\/wp-content\/uploads\/2022\/09\/ok.png 951w\" sizes=\"auto, (max-width: 330px) 100vw, 330px\" \/><\/p>\n","protected":false},"excerpt":{"rendered":"<p>L&rsquo;ensemble des vid\u00e9os r\u00e9alis\u00e9es par les \u00e9l\u00e8ves de premi\u00e8re ann\u00e9e de l&rsquo;ESBS lors des pr\u00e9c\u00e9dents Biotech Corner est disponible sur le site de l&rsquo;\u00e9cole (onglet Biotech Corner puis Vid\u00e9os) \u00e0 l&rsquo;adresse suivante : https:\/\/esbs.unistra.fr\/biotech-corner. N&rsquo;h\u00e9sitez pas \u00e0 aller les consulter ! Dans chacune de ces vid\u00e9os, les \u00e9l\u00e8ves pr\u00e9sentent les intervenants et un extrait de&nbsp;&hellip;<\/p>\n","protected":false},"author":2,"featured_media":757,"parent":0,"menu_order":0,"comment_status":"closed","ping_status":"closed","template":"","meta":{"footnotes":""},"class_list":["post-648","page","type-page","status-publish","has-post-thumbnail","hentry"],"yoast_head":"<!-- This site is optimized with the Yoast SEO plugin v27.4 - https:\/\/yoast.com\/product\/yoast-seo-wordpress\/ -->\n<title>Pr\u00e9c\u00e9dents BiotechCorner - Nouvelle G\u00e9n\u00e9ration des Biotechnologistes<\/title>\n<meta name=\"robots\" content=\"index, follow, max-snippet:-1, max-image-preview:large, max-video-preview:-1\" \/>\n<link rel=\"canonical\" href=\"https:\/\/ngb-fr.org\/index.php\/fr\/precedents-biotechcorner\/\" \/>\n<meta property=\"og:locale\" content=\"fr_FR\" \/>\n<meta property=\"og:type\" content=\"article\" \/>\n<meta property=\"og:title\" content=\"Pr\u00e9c\u00e9dents BiotechCorner - Nouvelle G\u00e9n\u00e9ration des Biotechnologistes\" \/>\n<meta property=\"og:description\" content=\"L&rsquo;ensemble des vid\u00e9os r\u00e9alis\u00e9es par les \u00e9l\u00e8ves de premi\u00e8re ann\u00e9e de l&rsquo;ESBS lors des pr\u00e9c\u00e9dents Biotech Corner est disponible sur le site de l&rsquo;\u00e9cole (onglet Biotech Corner puis Vid\u00e9os) \u00e0 l&rsquo;adresse suivante : https:\/\/esbs.unistra.fr\/biotech-corner. N&rsquo;h\u00e9sitez pas \u00e0 aller les consulter ! Dans chacune de ces vid\u00e9os, les \u00e9l\u00e8ves pr\u00e9sentent les intervenants et un extrait de&nbsp;&hellip;\" \/>\n<meta property=\"og:url\" content=\"https:\/\/ngb-fr.org\/index.php\/fr\/precedents-biotechcorner\/\" \/>\n<meta property=\"og:site_name\" content=\"Nouvelle G\u00e9n\u00e9ration des Biotechnologistes\" \/>\n<meta property=\"article:modified_time\" content=\"2022-09-07T12:07:09+00:00\" \/>\n<meta property=\"og:image\" content=\"https:\/\/ngb-fr.org\/wp-content\/uploads\/2022\/02\/biotech-corenr-2.png\" \/>\n\t<meta property=\"og:image:width\" content=\"1467\" \/>\n\t<meta property=\"og:image:height\" content=\"527\" \/>\n\t<meta property=\"og:image:type\" content=\"image\/png\" \/>\n<meta name=\"twitter:card\" content=\"summary_large_image\" \/>\n<meta name=\"twitter:label1\" content=\"Dur\u00e9e de lecture estim\u00e9e\" \/>\n\t<meta name=\"twitter:data1\" content=\"1 minute\" \/>\n<script type=\"application\/ld+json\" class=\"yoast-schema-graph\">{\"@context\":\"https:\\\/\\\/schema.org\",\"@graph\":[{\"@type\":\"WebPage\",\"@id\":\"https:\\\/\\\/ngb-fr.org\\\/index.php\\\/fr\\\/precedents-biotechcorner\\\/\",\"url\":\"https:\\\/\\\/ngb-fr.org\\\/index.php\\\/fr\\\/precedents-biotechcorner\\\/\",\"name\":\"Pr\u00e9c\u00e9dents BiotechCorner - Nouvelle G\u00e9n\u00e9ration des Biotechnologistes\",\"isPartOf\":{\"@id\":\"https:\\\/\\\/ngb-fr.org\\\/index.php\\\/fr\\\/materialis\\\/#website\"},\"primaryImageOfPage\":{\"@id\":\"https:\\\/\\\/ngb-fr.org\\\/index.php\\\/fr\\\/precedents-biotechcorner\\\/#primaryimage\"},\"image\":{\"@id\":\"https:\\\/\\\/ngb-fr.org\\\/index.php\\\/fr\\\/precedents-biotechcorner\\\/#primaryimage\"},\"thumbnailUrl\":\"https:\\\/\\\/ngb-fr.org\\\/wp-content\\\/uploads\\\/2022\\\/02\\\/biotech-corenr-2.png\",\"datePublished\":\"2021-05-09T20:07:52+00:00\",\"dateModified\":\"2022-09-07T12:07:09+00:00\",\"breadcrumb\":{\"@id\":\"https:\\\/\\\/ngb-fr.org\\\/index.php\\\/fr\\\/precedents-biotechcorner\\\/#breadcrumb\"},\"inLanguage\":\"fr-FR\",\"potentialAction\":[{\"@type\":\"ReadAction\",\"target\":[\"https:\\\/\\\/ngb-fr.org\\\/index.php\\\/fr\\\/precedents-biotechcorner\\\/\"]}]},{\"@type\":\"ImageObject\",\"inLanguage\":\"fr-FR\",\"@id\":\"https:\\\/\\\/ngb-fr.org\\\/index.php\\\/fr\\\/precedents-biotechcorner\\\/#primaryimage\",\"url\":\"https:\\\/\\\/ngb-fr.org\\\/wp-content\\\/uploads\\\/2022\\\/02\\\/biotech-corenr-2.png\",\"contentUrl\":\"https:\\\/\\\/ngb-fr.org\\\/wp-content\\\/uploads\\\/2022\\\/02\\\/biotech-corenr-2.png\",\"width\":1467,\"height\":527},{\"@type\":\"BreadcrumbList\",\"@id\":\"https:\\\/\\\/ngb-fr.org\\\/index.php\\\/fr\\\/precedents-biotechcorner\\\/#breadcrumb\",\"itemListElement\":[{\"@type\":\"ListItem\",\"position\":1,\"name\":\"Accueil\",\"item\":\"https:\\\/\\\/ngb-fr.org\\\/\"},{\"@type\":\"ListItem\",\"position\":2,\"name\":\"Pr\u00e9c\u00e9dents BiotechCorner\"}]},{\"@type\":\"WebSite\",\"@id\":\"https:\\\/\\\/ngb-fr.org\\\/index.php\\\/fr\\\/materialis\\\/#website\",\"url\":\"https:\\\/\\\/ngb-fr.org\\\/index.php\\\/fr\\\/materialis\\\/\",\"name\":\"Nouvelle G\u00e9n\u00e9ration des Biotechnologistes\",\"description\":\"\",\"publisher\":{\"@id\":\"https:\\\/\\\/ngb-fr.org\\\/index.php\\\/fr\\\/materialis\\\/#organization\"},\"potentialAction\":[{\"@type\":\"SearchAction\",\"target\":{\"@type\":\"EntryPoint\",\"urlTemplate\":\"https:\\\/\\\/ngb-fr.org\\\/index.php\\\/fr\\\/materialis\\\/?s={search_term_string}\"},\"query-input\":{\"@type\":\"PropertyValueSpecification\",\"valueRequired\":true,\"valueName\":\"search_term_string\"}}],\"inLanguage\":\"fr-FR\"},{\"@type\":\"Organization\",\"@id\":\"https:\\\/\\\/ngb-fr.org\\\/index.php\\\/fr\\\/materialis\\\/#organization\",\"name\":\"Nouvelle G\u00e9n\u00e9ration des Biotechnologistes\",\"url\":\"https:\\\/\\\/ngb-fr.org\\\/index.php\\\/fr\\\/materialis\\\/\",\"logo\":{\"@type\":\"ImageObject\",\"inLanguage\":\"fr-FR\",\"@id\":\"https:\\\/\\\/ngb-fr.org\\\/index.php\\\/fr\\\/materialis\\\/#\\\/schema\\\/logo\\\/image\\\/\",\"url\":\"https:\\\/\\\/ngb-fr.org\\\/wp-content\\\/uploads\\\/2019\\\/02\\\/cropped-1.png\",\"contentUrl\":\"https:\\\/\\\/ngb-fr.org\\\/wp-content\\\/uploads\\\/2019\\\/02\\\/cropped-1.png\",\"width\":1880,\"height\":1826,\"caption\":\"Nouvelle G\u00e9n\u00e9ration des Biotechnologistes\"},\"image\":{\"@id\":\"https:\\\/\\\/ngb-fr.org\\\/index.php\\\/fr\\\/materialis\\\/#\\\/schema\\\/logo\\\/image\\\/\"}}]}<\/script>\n<!-- \/ Yoast SEO plugin. -->","yoast_head_json":{"title":"Pr\u00e9c\u00e9dents BiotechCorner - Nouvelle G\u00e9n\u00e9ration des Biotechnologistes","robots":{"index":"index","follow":"follow","max-snippet":"max-snippet:-1","max-image-preview":"max-image-preview:large","max-video-preview":"max-video-preview:-1"},"canonical":"https:\/\/ngb-fr.org\/index.php\/fr\/precedents-biotechcorner\/","og_locale":"fr_FR","og_type":"article","og_title":"Pr\u00e9c\u00e9dents BiotechCorner - Nouvelle G\u00e9n\u00e9ration des Biotechnologistes","og_description":"L&rsquo;ensemble des vid\u00e9os r\u00e9alis\u00e9es par les \u00e9l\u00e8ves de premi\u00e8re ann\u00e9e de l&rsquo;ESBS lors des pr\u00e9c\u00e9dents Biotech Corner est disponible sur le site de l&rsquo;\u00e9cole (onglet Biotech Corner puis Vid\u00e9os) \u00e0 l&rsquo;adresse suivante : https:\/\/esbs.unistra.fr\/biotech-corner. N&rsquo;h\u00e9sitez pas \u00e0 aller les consulter ! Dans chacune de ces vid\u00e9os, les \u00e9l\u00e8ves pr\u00e9sentent les intervenants et un extrait de&nbsp;&hellip;","og_url":"https:\/\/ngb-fr.org\/index.php\/fr\/precedents-biotechcorner\/","og_site_name":"Nouvelle G\u00e9n\u00e9ration des Biotechnologistes","article_modified_time":"2022-09-07T12:07:09+00:00","og_image":[{"width":1467,"height":527,"url":"https:\/\/ngb-fr.org\/wp-content\/uploads\/2022\/02\/biotech-corenr-2.png","type":"image\/png"}],"twitter_card":"summary_large_image","twitter_misc":{"Dur\u00e9e de lecture estim\u00e9e":"1 minute"},"schema":{"@context":"https:\/\/schema.org","@graph":[{"@type":"WebPage","@id":"https:\/\/ngb-fr.org\/index.php\/fr\/precedents-biotechcorner\/","url":"https:\/\/ngb-fr.org\/index.php\/fr\/precedents-biotechcorner\/","name":"Pr\u00e9c\u00e9dents BiotechCorner - Nouvelle G\u00e9n\u00e9ration des Biotechnologistes","isPartOf":{"@id":"https:\/\/ngb-fr.org\/index.php\/fr\/materialis\/#website"},"primaryImageOfPage":{"@id":"https:\/\/ngb-fr.org\/index.php\/fr\/precedents-biotechcorner\/#primaryimage"},"image":{"@id":"https:\/\/ngb-fr.org\/index.php\/fr\/precedents-biotechcorner\/#primaryimage"},"thumbnailUrl":"https:\/\/ngb-fr.org\/wp-content\/uploads\/2022\/02\/biotech-corenr-2.png","datePublished":"2021-05-09T20:07:52+00:00","dateModified":"2022-09-07T12:07:09+00:00","breadcrumb":{"@id":"https:\/\/ngb-fr.org\/index.php\/fr\/precedents-biotechcorner\/#breadcrumb"},"inLanguage":"fr-FR","potentialAction":[{"@type":"ReadAction","target":["https:\/\/ngb-fr.org\/index.php\/fr\/precedents-biotechcorner\/"]}]},{"@type":"ImageObject","inLanguage":"fr-FR","@id":"https:\/\/ngb-fr.org\/index.php\/fr\/precedents-biotechcorner\/#primaryimage","url":"https:\/\/ngb-fr.org\/wp-content\/uploads\/2022\/02\/biotech-corenr-2.png","contentUrl":"https:\/\/ngb-fr.org\/wp-content\/uploads\/2022\/02\/biotech-corenr-2.png","width":1467,"height":527},{"@type":"BreadcrumbList","@id":"https:\/\/ngb-fr.org\/index.php\/fr\/precedents-biotechcorner\/#breadcrumb","itemListElement":[{"@type":"ListItem","position":1,"name":"Accueil","item":"https:\/\/ngb-fr.org\/"},{"@type":"ListItem","position":2,"name":"Pr\u00e9c\u00e9dents BiotechCorner"}]},{"@type":"WebSite","@id":"https:\/\/ngb-fr.org\/index.php\/fr\/materialis\/#website","url":"https:\/\/ngb-fr.org\/index.php\/fr\/materialis\/","name":"Nouvelle G\u00e9n\u00e9ration des Biotechnologistes","description":"","publisher":{"@id":"https:\/\/ngb-fr.org\/index.php\/fr\/materialis\/#organization"},"potentialAction":[{"@type":"SearchAction","target":{"@type":"EntryPoint","urlTemplate":"https:\/\/ngb-fr.org\/index.php\/fr\/materialis\/?s={search_term_string}"},"query-input":{"@type":"PropertyValueSpecification","valueRequired":true,"valueName":"search_term_string"}}],"inLanguage":"fr-FR"},{"@type":"Organization","@id":"https:\/\/ngb-fr.org\/index.php\/fr\/materialis\/#organization","name":"Nouvelle G\u00e9n\u00e9ration des Biotechnologistes","url":"https:\/\/ngb-fr.org\/index.php\/fr\/materialis\/","logo":{"@type":"ImageObject","inLanguage":"fr-FR","@id":"https:\/\/ngb-fr.org\/index.php\/fr\/materialis\/#\/schema\/logo\/image\/","url":"https:\/\/ngb-fr.org\/wp-content\/uploads\/2019\/02\/cropped-1.png","contentUrl":"https:\/\/ngb-fr.org\/wp-content\/uploads\/2019\/02\/cropped-1.png","width":1880,"height":1826,"caption":"Nouvelle G\u00e9n\u00e9ration des Biotechnologistes"},"image":{"@id":"https:\/\/ngb-fr.org\/index.php\/fr\/materialis\/#\/schema\/logo\/image\/"}}]}},"jetpack_sharing_enabled":true,"_links":{"self":[{"href":"https:\/\/ngb-fr.org\/index.php\/wp-json\/wp\/v2\/pages\/648","targetHints":{"allow":["GET"]}}],"collection":[{"href":"https:\/\/ngb-fr.org\/index.php\/wp-json\/wp\/v2\/pages"}],"about":[{"href":"https:\/\/ngb-fr.org\/index.php\/wp-json\/wp\/v2\/types\/page"}],"author":[{"embeddable":true,"href":"https:\/\/ngb-fr.org\/index.php\/wp-json\/wp\/v2\/users\/2"}],"replies":[{"embeddable":true,"href":"https:\/\/ngb-fr.org\/index.php\/wp-json\/wp\/v2\/comments?post=648"}],"version-history":[{"count":6,"href":"https:\/\/ngb-fr.org\/index.php\/wp-json\/wp\/v2\/pages\/648\/revisions"}],"predecessor-version":[{"id":1021,"href":"https:\/\/ngb-fr.org\/index.php\/wp-json\/wp\/v2\/pages\/648\/revisions\/1021"}],"wp:featuredmedia":[{"embeddable":true,"href":"https:\/\/ngb-fr.org\/index.php\/wp-json\/wp\/v2\/media\/757"}],"wp:attachment":[{"href":"https:\/\/ngb-fr.org\/index.php\/wp-json\/wp\/v2\/media?parent=648"}],"curies":[{"name":"wp","href":"https:\/\/api.w.org\/{rel}","templated":true}]}}