{"id":968,"date":"2022-05-02T23:48:53","date_gmt":"2022-05-02T21:48:53","guid":{"rendered":"http:\/\/ngb-fr.org\/?page_id=968"},"modified":"2022-05-04T20:26:48","modified_gmt":"2022-05-04T18:26:48","slug":"nouvelle-generation-des-biotechnologistes-qr-code","status":"publish","type":"page","link":"https:\/\/ngb-fr.org\/index.php\/nouvelle-generation-des-biotechnologistes-qr-code\/","title":{"rendered":"Nouvelle G\u00e9n\u00e9ration des Biotechnologistes"},"content":{"rendered":"<p><span style=\"font-weight: 400;\">L\u2019association <\/span><b>Nouvelle G\u00e9n\u00e9ration des Biotechnologistes<\/b><span style=\"font-weight: 400;\"> a \u00e9t\u00e9 cr\u00e9\u00e9e en 2009 par des \u00e9tudiants de l\u2019ESBS d\u00e9sireux de former un v\u00e9ritable <\/span><b>r\u00e9seau de jeunes scientifiques<\/b><span style=\"font-weight: 400;\"> en biotechnologies. L\u2019objectif est \u00e9galement de cr\u00e9er des <\/span><b>liens entre les \u00e9tudiants et les entreprises<\/b><span style=\"font-weight: 400;\"> afin de faciliter l\u2019<\/span><b>insertion professionnelle<\/b><span style=\"font-weight: 400;\">. Dans ce but, l\u2019association propose entre autres des conf\u00e9rences, des d\u00e9bats, des visites d\u2019entreprises\u2026<\/span><\/p>\n<p><span style=\"font-weight: 400;\">En collaboration avec l\u2019\u00e9cole, l\u2019association participe \u00e0 l\u2019organisation du <\/span><b>Biotech Day<\/b><span style=\"font-weight: 400;\"> (journ\u00e9e de rencontres avec diverses entreprises et acteurs de la recherche publique \u00e0 travers des conf\u00e9rences) et des <\/span><b>Biotech Corner<\/b><span style=\"font-weight: 400;\"> (pr\u00e9sentations faites par des professionnels pour aider les \u00e9tudiants \u00e0 d\u00e9couvrir des entreprises et leurs projets). L\u2019ensemble de ces \u00e9v\u00e9nements permettent de nombreux <\/span><b>\u00e9changes entre professionnels et \u00e9tudiants<\/b><span style=\"font-weight: 400;\"> qui sont \u00e0 la fois utiles pour obtenir des <\/span><b>contacts pour des stages<\/b><span style=\"font-weight: 400;\"> et pour la <\/span><b>vie professionnelle future<\/b><span style=\"font-weight: 400;\">.\u00a0<\/span><\/p>\n<p><span style=\"font-weight: 400;\">La NGB se mobilise aussi au <\/span><b>niveau europ\u00e9en<\/b><span style=\"font-weight: 400;\"> en faisant partie du <\/span><b>YEBN<\/b><span style=\"font-weight: 400;\"> (Young European Biotech Network) qui rassemble \u00e0 l&rsquo;\u00e9chelle europ\u00e9enne des associations telles que la n\u00f4tre.<\/span><\/p>\n<p style=\"text-align: center;\"><span style=\"font-weight: 400;\">Pour d\u00e9couvrir tous nos projets et suivre nos actions, n\u2019<\/span><b>h\u00e9sitez pas \u00e0 consulter notre site internet et nos r\u00e9seaux sociaux !!<\/b> Pour cela ils vous suffit de<b> cliquez sur les ic\u00f4nes ci-dessous !!<\/b><\/p>\n<p style=\"text-align: left;\"><a href=\"https:\/\/www.instagram.com\/ngb_fr\/?hl=fr\"><img loading=\"lazy\" decoding=\"async\" class=\"alignnone wp-image-990\" src=\"http:\/\/ngb-fr.org\/wp-content\/uploads\/2022\/05\/insta.png\" alt=\"\" width=\"62\" height=\"61\" srcset=\"https:\/\/ngb-fr.org\/wp-content\/uploads\/2022\/05\/insta.png 185w, https:\/\/ngb-fr.org\/wp-content\/uploads\/2022\/05\/insta-150x150.png 150w\" sizes=\"auto, (max-width: 62px) 100vw, 62px\" \/><\/a> <a href=\"https:\/\/www.linkedin.com\/company\/nouvelle-g%C3%A9n%C3%A9ration-des-biotechnologistes\/\"><img loading=\"lazy\" decoding=\"async\" class=\"alignnone wp-image-992\" src=\"http:\/\/ngb-fr.org\/wp-content\/uploads\/2022\/05\/in.png\" alt=\"\" width=\"60\" height=\"60\" srcset=\"https:\/\/ngb-fr.org\/wp-content\/uploads\/2022\/05\/in.png 181w, https:\/\/ngb-fr.org\/wp-content\/uploads\/2022\/05\/in-150x150.png 150w\" sizes=\"auto, (max-width: 60px) 100vw, 60px\" \/><\/a> <a href=\"https:\/\/ngb-fr.org\/index.php\/fr\/materialis\/\"><img loading=\"lazy\" decoding=\"async\" class=\"alignnone wp-image-993\" src=\"http:\/\/ngb-fr.org\/wp-content\/uploads\/2022\/05\/www.png\" alt=\"\" width=\"64\" height=\"58\" \/><\/a> <a href=\"https:\/\/www.facebook.com\/biotechnologistes\"><img loading=\"lazy\" decoding=\"async\" class=\"alignnone wp-image-991\" src=\"http:\/\/ngb-fr.org\/wp-content\/uploads\/2022\/05\/f.png\" alt=\"\" width=\"62\" height=\"61\" srcset=\"https:\/\/ngb-fr.org\/wp-content\/uploads\/2022\/05\/f.png 186w, https:\/\/ngb-fr.org\/wp-content\/uploads\/2022\/05\/f-150x150.png 150w\" sizes=\"auto, (max-width: 62px) 100vw, 62px\" \/><\/a><\/p>\n<p style=\"text-align: left;\">Notre \u00e9quipe :<\/p>\n<p><img loading=\"lazy\" decoding=\"async\" class=\"wp-image-746 aligncenter\" src=\"http:\/\/ngb-fr.org\/wp-content\/uploads\/2022\/02\/cropped-IMG_9911-1-300x179.png\" alt=\"\" width=\"357\" height=\"213\" srcset=\"https:\/\/ngb-fr.org\/wp-content\/uploads\/2022\/02\/cropped-IMG_9911-1-300x179.png 300w, https:\/\/ngb-fr.org\/wp-content\/uploads\/2022\/02\/cropped-IMG_9911-1.png 692w\" sizes=\"auto, (max-width: 357px) 100vw, 357px\" \/><\/p>\n<p style=\"text-align: left;\">Pr\u00e9sidente: <a href=\"https:\/\/www.linkedin.com\/in\/emma-tixier-3098b9194?locale=fr_FR\">Emma Tixier\u00a0<\/a><\/p>\n<p style=\"text-align: left;\">Vice-pr\u00e9sidente: <a href=\"https:\/\/www.linkedin.com\/in\/alexandra-bert-esbs\">Alexandra Bert\u00a0<\/a><\/p>\n<p style=\"text-align: left;\">Secr\u00e9taires: <a href=\"https:\/\/www.linkedin.com\/in\/romane-launay\">Romane Launay<\/a> &amp; <a href=\"https:\/\/www.linkedin.com\/in\/fanny-pestre-sorge-455035203\">Fanny Pestre-Sorge<\/a><\/p>\n<p style=\"text-align: left;\">Tr\u00e9sorier(e)s: Lucas Grandjean &amp; <a href=\"https:\/\/www.linkedin.com\/in\/mathilde-tardif-9616401b8\">Mathilde Tardif<\/a><\/p>\n<p style=\"text-align: left;\">Team BiotechCorner: <a href=\"https:\/\/www.linkedin.com\/in\/no%C3%A9mie-beaufils-b52861208\">No\u00e9mie Beaufils<\/a>, <a href=\"https:\/\/www.linkedin.com\/in\/l%C3%A9a-s%C3%A9v%C3%A8re-361484223\">L\u00e9a S\u00e9v\u00e8re<\/a>, <a href=\"https:\/\/www.linkedin.com\/in\/camille-varoqui\">Camille Varoqui<\/a>, <a href=\"https:\/\/www.linkedin.com\/in\/lea-bohnenblust-872293200\">L\u00e9a Bohnenblust<\/a>, <a href=\"https:\/\/www.linkedin.com\/in\/alexandra-bert-esbs\">Alexandra Bert<\/a>, <a href=\"https:\/\/www.linkedin.com\/in\/margaux-robinet-261b79202\">Margaux Robinet<\/a><\/p>\n<p style=\"text-align: left;\">Team Visites: <a href=\"https:\/\/www.linkedin.com\/in\/anne-larroche\">Anne Larroche<\/a>, Eva Lecurieux, <a href=\"https:\/\/www.linkedin.com\/in\/loane-schertzer-19a165202\">Loane Schertzer<\/a><\/p>\n<p style=\"text-align: left;\">Team Sponsor : <a href=\"https:\/\/www.linkedin.com\/in\/tina-le-gall-9552131a2\">Tina le Gall<\/a>, <a href=\"https:\/\/www.linkedin.com\/in\/antoine-lambert-3074b2223\">Antoine Lambert<\/a>, <a href=\"https:\/\/www.linkedin.com\/in\/louise-tirole-2066381b8\">Louise Tirole<\/a>, <a href=\"https:\/\/www.linkedin.com\/in\/auriane-bouchet-89b3901b9\">Auriane Bouchet<\/a><\/p>\n<p style=\"text-align: left;\">Team Communication: <a href=\"https:\/\/www.linkedin.com\/in\/am%C3%A9lie-mailliot-61a749227\">Am\u00e9lie Maillot<\/a>, <a href=\"https:\/\/www.linkedin.com\/in\/sarah-leconte-262795195\">Sarah Leconte<\/a>, <a href=\"https:\/\/www.linkedin.com\/in\/el%C3%A9onore-coulon-642398174\">El\u00e9onore Coulon<\/a>, <a href=\"https:\/\/www.linkedin.com\/in\/sarah-stadnik-b469b8174\">Sarah Stadnik<\/a><\/p>\n<p style=\"text-align: left;\">Webmasters: <a href=\"http:\/\/www.linkedin.com\/in\/camillegoblet-esbs\">Camille Goblet<\/a> &amp; <a href=\"https:\/\/www.linkedin.com\/in\/l%C3%A9ane-costa-roch\">L\u00e9ane Costa-Roch<\/a><\/p>\n<p>&nbsp;<\/p>\n","protected":false},"excerpt":{"rendered":"<p>L\u2019association Nouvelle G\u00e9n\u00e9ration des Biotechnologistes a \u00e9t\u00e9 cr\u00e9\u00e9e en 2009 par des \u00e9tudiants de l\u2019ESBS d\u00e9sireux de former un v\u00e9ritable r\u00e9seau de jeunes scientifiques en biotechnologies. L\u2019objectif est \u00e9galement de cr\u00e9er des liens entre les \u00e9tudiants et les entreprises afin de faciliter l\u2019insertion professionnelle. Dans ce but, l\u2019association propose entre autres des conf\u00e9rences, des d\u00e9bats,&nbsp;&hellip;<\/p>\n","protected":false},"author":2,"featured_media":986,"parent":0,"menu_order":0,"comment_status":"closed","ping_status":"closed","template":"","meta":{"footnotes":""},"class_list":["post-968","page","type-page","status-publish","has-post-thumbnail","hentry"],"yoast_head":"<!-- This site is optimized with the Yoast SEO plugin v27.4 - https:\/\/yoast.com\/product\/yoast-seo-wordpress\/ -->\n<title>Nouvelle G\u00e9n\u00e9ration des Biotechnologistes - Nouvelle G\u00e9n\u00e9ration des Biotechnologistes<\/title>\n<meta name=\"robots\" content=\"index, follow, max-snippet:-1, max-image-preview:large, max-video-preview:-1\" \/>\n<link rel=\"canonical\" href=\"https:\/\/ngb-fr.org\/index.php\/fr\/nouvelle-generation-des-biotechnologistes-qr-code\/\" \/>\n<meta property=\"og:locale\" content=\"fr_FR\" \/>\n<meta property=\"og:type\" content=\"article\" \/>\n<meta property=\"og:title\" content=\"Nouvelle G\u00e9n\u00e9ration des Biotechnologistes - Nouvelle G\u00e9n\u00e9ration des Biotechnologistes\" \/>\n<meta property=\"og:description\" content=\"L\u2019association Nouvelle G\u00e9n\u00e9ration des Biotechnologistes a \u00e9t\u00e9 cr\u00e9\u00e9e en 2009 par des \u00e9tudiants de l\u2019ESBS d\u00e9sireux de former un v\u00e9ritable r\u00e9seau de jeunes scientifiques en biotechnologies. L\u2019objectif est \u00e9galement de cr\u00e9er des liens entre les \u00e9tudiants et les entreprises afin de faciliter l\u2019insertion professionnelle. Dans ce but, l\u2019association propose entre autres des conf\u00e9rences, des d\u00e9bats,&nbsp;&hellip;\" \/>\n<meta property=\"og:url\" content=\"https:\/\/ngb-fr.org\/index.php\/fr\/nouvelle-generation-des-biotechnologistes-qr-code\/\" \/>\n<meta property=\"og:site_name\" content=\"Nouvelle G\u00e9n\u00e9ration des Biotechnologistes\" \/>\n<meta property=\"article:modified_time\" content=\"2022-05-04T18:26:48+00:00\" \/>\n<meta property=\"og:image\" content=\"https:\/\/ngb-fr.org\/wp-content\/uploads\/2022\/05\/fond2.png\" \/>\n\t<meta property=\"og:image:width\" content=\"1042\" \/>\n\t<meta property=\"og:image:height\" content=\"503\" \/>\n\t<meta property=\"og:image:type\" content=\"image\/png\" \/>\n<meta name=\"twitter:card\" content=\"summary_large_image\" \/>\n<meta name=\"twitter:label1\" content=\"Dur\u00e9e de lecture estim\u00e9e\" \/>\n\t<meta name=\"twitter:data1\" content=\"3 minutes\" \/>\n<script type=\"application\/ld+json\" class=\"yoast-schema-graph\">{\"@context\":\"https:\\\/\\\/schema.org\",\"@graph\":[{\"@type\":\"WebPage\",\"@id\":\"https:\\\/\\\/ngb-fr.org\\\/index.php\\\/fr\\\/nouvelle-generation-des-biotechnologistes-qr-code\\\/\",\"url\":\"https:\\\/\\\/ngb-fr.org\\\/index.php\\\/fr\\\/nouvelle-generation-des-biotechnologistes-qr-code\\\/\",\"name\":\"Nouvelle G\u00e9n\u00e9ration des Biotechnologistes - Nouvelle G\u00e9n\u00e9ration des Biotechnologistes\",\"isPartOf\":{\"@id\":\"https:\\\/\\\/ngb-fr.org\\\/index.php\\\/fr\\\/materialis\\\/#website\"},\"primaryImageOfPage\":{\"@id\":\"https:\\\/\\\/ngb-fr.org\\\/index.php\\\/fr\\\/nouvelle-generation-des-biotechnologistes-qr-code\\\/#primaryimage\"},\"image\":{\"@id\":\"https:\\\/\\\/ngb-fr.org\\\/index.php\\\/fr\\\/nouvelle-generation-des-biotechnologistes-qr-code\\\/#primaryimage\"},\"thumbnailUrl\":\"https:\\\/\\\/ngb-fr.org\\\/wp-content\\\/uploads\\\/2022\\\/05\\\/fond2.png\",\"datePublished\":\"2022-05-02T21:48:53+00:00\",\"dateModified\":\"2022-05-04T18:26:48+00:00\",\"breadcrumb\":{\"@id\":\"https:\\\/\\\/ngb-fr.org\\\/index.php\\\/fr\\\/nouvelle-generation-des-biotechnologistes-qr-code\\\/#breadcrumb\"},\"inLanguage\":\"fr-FR\",\"potentialAction\":[{\"@type\":\"ReadAction\",\"target\":[\"https:\\\/\\\/ngb-fr.org\\\/index.php\\\/fr\\\/nouvelle-generation-des-biotechnologistes-qr-code\\\/\"]}]},{\"@type\":\"ImageObject\",\"inLanguage\":\"fr-FR\",\"@id\":\"https:\\\/\\\/ngb-fr.org\\\/index.php\\\/fr\\\/nouvelle-generation-des-biotechnologistes-qr-code\\\/#primaryimage\",\"url\":\"https:\\\/\\\/ngb-fr.org\\\/wp-content\\\/uploads\\\/2022\\\/05\\\/fond2.png\",\"contentUrl\":\"https:\\\/\\\/ngb-fr.org\\\/wp-content\\\/uploads\\\/2022\\\/05\\\/fond2.png\",\"width\":1042,\"height\":503},{\"@type\":\"BreadcrumbList\",\"@id\":\"https:\\\/\\\/ngb-fr.org\\\/index.php\\\/fr\\\/nouvelle-generation-des-biotechnologistes-qr-code\\\/#breadcrumb\",\"itemListElement\":[{\"@type\":\"ListItem\",\"position\":1,\"name\":\"Accueil\",\"item\":\"https:\\\/\\\/ngb-fr.org\\\/\"},{\"@type\":\"ListItem\",\"position\":2,\"name\":\"Nouvelle G\u00e9n\u00e9ration des Biotechnologistes\"}]},{\"@type\":\"WebSite\",\"@id\":\"https:\\\/\\\/ngb-fr.org\\\/index.php\\\/fr\\\/materialis\\\/#website\",\"url\":\"https:\\\/\\\/ngb-fr.org\\\/index.php\\\/fr\\\/materialis\\\/\",\"name\":\"Nouvelle G\u00e9n\u00e9ration des Biotechnologistes\",\"description\":\"\",\"publisher\":{\"@id\":\"https:\\\/\\\/ngb-fr.org\\\/index.php\\\/fr\\\/materialis\\\/#organization\"},\"potentialAction\":[{\"@type\":\"SearchAction\",\"target\":{\"@type\":\"EntryPoint\",\"urlTemplate\":\"https:\\\/\\\/ngb-fr.org\\\/index.php\\\/fr\\\/materialis\\\/?s={search_term_string}\"},\"query-input\":{\"@type\":\"PropertyValueSpecification\",\"valueRequired\":true,\"valueName\":\"search_term_string\"}}],\"inLanguage\":\"fr-FR\"},{\"@type\":\"Organization\",\"@id\":\"https:\\\/\\\/ngb-fr.org\\\/index.php\\\/fr\\\/materialis\\\/#organization\",\"name\":\"Nouvelle G\u00e9n\u00e9ration des Biotechnologistes\",\"url\":\"https:\\\/\\\/ngb-fr.org\\\/index.php\\\/fr\\\/materialis\\\/\",\"logo\":{\"@type\":\"ImageObject\",\"inLanguage\":\"fr-FR\",\"@id\":\"https:\\\/\\\/ngb-fr.org\\\/index.php\\\/fr\\\/materialis\\\/#\\\/schema\\\/logo\\\/image\\\/\",\"url\":\"https:\\\/\\\/ngb-fr.org\\\/wp-content\\\/uploads\\\/2019\\\/02\\\/cropped-1.png\",\"contentUrl\":\"https:\\\/\\\/ngb-fr.org\\\/wp-content\\\/uploads\\\/2019\\\/02\\\/cropped-1.png\",\"width\":1880,\"height\":1826,\"caption\":\"Nouvelle G\u00e9n\u00e9ration des Biotechnologistes\"},\"image\":{\"@id\":\"https:\\\/\\\/ngb-fr.org\\\/index.php\\\/fr\\\/materialis\\\/#\\\/schema\\\/logo\\\/image\\\/\"}}]}<\/script>\n<!-- \/ Yoast SEO plugin. -->","yoast_head_json":{"title":"Nouvelle G\u00e9n\u00e9ration des Biotechnologistes - Nouvelle G\u00e9n\u00e9ration des Biotechnologistes","robots":{"index":"index","follow":"follow","max-snippet":"max-snippet:-1","max-image-preview":"max-image-preview:large","max-video-preview":"max-video-preview:-1"},"canonical":"https:\/\/ngb-fr.org\/index.php\/fr\/nouvelle-generation-des-biotechnologistes-qr-code\/","og_locale":"fr_FR","og_type":"article","og_title":"Nouvelle G\u00e9n\u00e9ration des Biotechnologistes - Nouvelle G\u00e9n\u00e9ration des Biotechnologistes","og_description":"L\u2019association Nouvelle G\u00e9n\u00e9ration des Biotechnologistes a \u00e9t\u00e9 cr\u00e9\u00e9e en 2009 par des \u00e9tudiants de l\u2019ESBS d\u00e9sireux de former un v\u00e9ritable r\u00e9seau de jeunes scientifiques en biotechnologies. L\u2019objectif est \u00e9galement de cr\u00e9er des liens entre les \u00e9tudiants et les entreprises afin de faciliter l\u2019insertion professionnelle. Dans ce but, l\u2019association propose entre autres des conf\u00e9rences, des d\u00e9bats,&nbsp;&hellip;","og_url":"https:\/\/ngb-fr.org\/index.php\/fr\/nouvelle-generation-des-biotechnologistes-qr-code\/","og_site_name":"Nouvelle G\u00e9n\u00e9ration des Biotechnologistes","article_modified_time":"2022-05-04T18:26:48+00:00","og_image":[{"width":1042,"height":503,"url":"https:\/\/ngb-fr.org\/wp-content\/uploads\/2022\/05\/fond2.png","type":"image\/png"}],"twitter_card":"summary_large_image","twitter_misc":{"Dur\u00e9e de lecture estim\u00e9e":"3 minutes"},"schema":{"@context":"https:\/\/schema.org","@graph":[{"@type":"WebPage","@id":"https:\/\/ngb-fr.org\/index.php\/fr\/nouvelle-generation-des-biotechnologistes-qr-code\/","url":"https:\/\/ngb-fr.org\/index.php\/fr\/nouvelle-generation-des-biotechnologistes-qr-code\/","name":"Nouvelle G\u00e9n\u00e9ration des Biotechnologistes - Nouvelle G\u00e9n\u00e9ration des Biotechnologistes","isPartOf":{"@id":"https:\/\/ngb-fr.org\/index.php\/fr\/materialis\/#website"},"primaryImageOfPage":{"@id":"https:\/\/ngb-fr.org\/index.php\/fr\/nouvelle-generation-des-biotechnologistes-qr-code\/#primaryimage"},"image":{"@id":"https:\/\/ngb-fr.org\/index.php\/fr\/nouvelle-generation-des-biotechnologistes-qr-code\/#primaryimage"},"thumbnailUrl":"https:\/\/ngb-fr.org\/wp-content\/uploads\/2022\/05\/fond2.png","datePublished":"2022-05-02T21:48:53+00:00","dateModified":"2022-05-04T18:26:48+00:00","breadcrumb":{"@id":"https:\/\/ngb-fr.org\/index.php\/fr\/nouvelle-generation-des-biotechnologistes-qr-code\/#breadcrumb"},"inLanguage":"fr-FR","potentialAction":[{"@type":"ReadAction","target":["https:\/\/ngb-fr.org\/index.php\/fr\/nouvelle-generation-des-biotechnologistes-qr-code\/"]}]},{"@type":"ImageObject","inLanguage":"fr-FR","@id":"https:\/\/ngb-fr.org\/index.php\/fr\/nouvelle-generation-des-biotechnologistes-qr-code\/#primaryimage","url":"https:\/\/ngb-fr.org\/wp-content\/uploads\/2022\/05\/fond2.png","contentUrl":"https:\/\/ngb-fr.org\/wp-content\/uploads\/2022\/05\/fond2.png","width":1042,"height":503},{"@type":"BreadcrumbList","@id":"https:\/\/ngb-fr.org\/index.php\/fr\/nouvelle-generation-des-biotechnologistes-qr-code\/#breadcrumb","itemListElement":[{"@type":"ListItem","position":1,"name":"Accueil","item":"https:\/\/ngb-fr.org\/"},{"@type":"ListItem","position":2,"name":"Nouvelle G\u00e9n\u00e9ration des Biotechnologistes"}]},{"@type":"WebSite","@id":"https:\/\/ngb-fr.org\/index.php\/fr\/materialis\/#website","url":"https:\/\/ngb-fr.org\/index.php\/fr\/materialis\/","name":"Nouvelle G\u00e9n\u00e9ration des Biotechnologistes","description":"","publisher":{"@id":"https:\/\/ngb-fr.org\/index.php\/fr\/materialis\/#organization"},"potentialAction":[{"@type":"SearchAction","target":{"@type":"EntryPoint","urlTemplate":"https:\/\/ngb-fr.org\/index.php\/fr\/materialis\/?s={search_term_string}"},"query-input":{"@type":"PropertyValueSpecification","valueRequired":true,"valueName":"search_term_string"}}],"inLanguage":"fr-FR"},{"@type":"Organization","@id":"https:\/\/ngb-fr.org\/index.php\/fr\/materialis\/#organization","name":"Nouvelle G\u00e9n\u00e9ration des Biotechnologistes","url":"https:\/\/ngb-fr.org\/index.php\/fr\/materialis\/","logo":{"@type":"ImageObject","inLanguage":"fr-FR","@id":"https:\/\/ngb-fr.org\/index.php\/fr\/materialis\/#\/schema\/logo\/image\/","url":"https:\/\/ngb-fr.org\/wp-content\/uploads\/2019\/02\/cropped-1.png","contentUrl":"https:\/\/ngb-fr.org\/wp-content\/uploads\/2019\/02\/cropped-1.png","width":1880,"height":1826,"caption":"Nouvelle G\u00e9n\u00e9ration des Biotechnologistes"},"image":{"@id":"https:\/\/ngb-fr.org\/index.php\/fr\/materialis\/#\/schema\/logo\/image\/"}}]}},"jetpack_sharing_enabled":true,"_links":{"self":[{"href":"https:\/\/ngb-fr.org\/index.php\/wp-json\/wp\/v2\/pages\/968","targetHints":{"allow":["GET"]}}],"collection":[{"href":"https:\/\/ngb-fr.org\/index.php\/wp-json\/wp\/v2\/pages"}],"about":[{"href":"https:\/\/ngb-fr.org\/index.php\/wp-json\/wp\/v2\/types\/page"}],"author":[{"embeddable":true,"href":"https:\/\/ngb-fr.org\/index.php\/wp-json\/wp\/v2\/users\/2"}],"replies":[{"embeddable":true,"href":"https:\/\/ngb-fr.org\/index.php\/wp-json\/wp\/v2\/comments?post=968"}],"version-history":[{"count":21,"href":"https:\/\/ngb-fr.org\/index.php\/wp-json\/wp\/v2\/pages\/968\/revisions"}],"predecessor-version":[{"id":1003,"href":"https:\/\/ngb-fr.org\/index.php\/wp-json\/wp\/v2\/pages\/968\/revisions\/1003"}],"wp:featuredmedia":[{"embeddable":true,"href":"https:\/\/ngb-fr.org\/index.php\/wp-json\/wp\/v2\/media\/986"}],"wp:attachment":[{"href":"https:\/\/ngb-fr.org\/index.php\/wp-json\/wp\/v2\/media?parent=968"}],"curies":[{"name":"wp","href":"https:\/\/api.w.org\/{rel}","templated":true}]}}